{"id":19584,"date":"-0001-11-30T00:00:00","date_gmt":"-0001-11-30T00:00:00","guid":{"rendered":""},"modified":"2026-04-30T16:40:20","modified_gmt":"2026-04-30T16:40:20","slug":"F1306007345_rencontre-avec-safia-al-bagdadi-forbach-de","status":"publish","type":"fiche_sit","link":"https:\/\/paysdeforbach.com\/de\/fiche-sit\/F1306007345_rencontre-avec-safia-al-bagdadi-forbach-de\/","title":{"rendered":"Rencontre avec Safia Al Bagdadi"},"content":{"rendered":"<p>Wir freuen uns, Safia Al Bagdadi zu empfangen, die im Rahmen einer Lesereise durch die Stadt Saarbr\u00fccken auch in Forbach Halt machen wird. Eine einmalige Gelegenheit, einen Auszug aus ihrem Buch zu entdecken, das bisher noch nicht auf Franz\u00f6sisch erschienen ist. Achtung, begrenzte Pl\u00e4tze, die \u00fcber den Ticketverkauf des Festivals gebucht werden m\u00fcssen. Keine Sorge, es bleibt kostenlos!<br \/>\nDas Festival Perspectives findet also vom 21. bis 30. Mai im Saarland und in der Moselle statt. Das gesamte Programm ist im Buchhandel erh\u00e4ltlich, aber auch hier: festival-perspectives.de.<br \/>\nEs ist f\u00fcr jeden Geschmack etwas dabei!<br \/>\nKostenlos mit Reservierung.<\/p>\n","protected":false},"excerpt":{"rendered":"<p>Wir freuen uns, Safia Al Bagdadi zu empfangen, die im Rahmen einer Lesereise durch die Stadt Saarbr\u00fccken auch in Forbach Halt machen wird. Eine einmalige Gelegenheit, einen Auszug aus ihrem Buch zu entdecken, das bisher noch nicht auf Franz\u00f6sisch erschienen ist. Achtung, begrenzte Pl\u00e4tze, die \u00fcber den Ticketverkauf des Festivals gebucht werden m\u00fcssen. Keine Sorge, [&hellip;]<\/p>\n","protected":false},"featured_media":0,"template":"","rubrique_sit_primaire":[720,768,759],"class_list":["post-19584","fiche_sit","type-fiche_sit","status-publish","hentry","rubrique_sit_primaire-accueil-agenda","rubrique_sit_primaire-startseite-agenda","rubrique_sit_primaire-veranstaltungen"],"yoast_head":"<!-- This site is optimized with the Yoast SEO plugin v26.8 - https:\/\/yoast.com\/product\/yoast-seo-wordpress\/ -->\n<title>Rencontre avec Safia Al Bagdadi - FORBACH<\/title>\n<meta name=\"description\" content=\"Wir freuen uns, Safia Al Bagdadi zu empfangen, die im Rahmen einer Lesereise durch die Stadt Saarbr\u00fccken auch in Forbach Halt ...\" \/>\n<meta name=\"robots\" content=\"index, follow, max-snippet:-1, max-image-preview:large, max-video-preview:-1\" \/>\n<link rel=\"canonical\" href=\"https:\/\/paysdeforbach.com\/de\/fiche-sit\/F1306007345_rencontre-avec-safia-al-bagdadi-forbach-de\/\" \/>\n<meta property=\"og:locale\" content=\"de_DE\" \/>\n<meta property=\"og:type\" content=\"article\" \/>\n<meta property=\"og:title\" content=\"Rencontre avec Safia Al Bagdadi - FORBACH\" \/>\n<meta property=\"og:description\" content=\"Wir freuen uns, Safia Al Bagdadi zu empfangen, die im Rahmen einer Lesereise durch die Stadt Saarbr\u00fccken auch in Forbach Halt ...\" \/>\n<meta property=\"og:url\" content=\"https:\/\/paysdeforbach.com\/de\/fiche-sit\/F1306007345_rencontre-avec-safia-al-bagdadi-forbach-de\/\" \/>\n<meta property=\"og:site_name\" content=\"Office de Tourisme du Pays de Forbach\" \/>\n<meta property=\"article:modified_time\" content=\"2026-04-30T16:40:20+00:00\" \/>\n<meta name=\"twitter:card\" content=\"summary_large_image\" \/>\n<meta name=\"twitter:label1\" content=\"Gesch\u00e4tzte Lesezeit\" \/>\n\t<meta name=\"twitter:data1\" content=\"1\u00a0Minute\" \/>\n<script type=\"application\/ld+json\" class=\"yoast-schema-graph\">{\"@context\":\"https:\/\/schema.org\",\"@graph\":[{\"@type\":\"WebPage\",\"@id\":\"https:\/\/paysdeforbach.com\/de\/fiche-sit\/F1306007345_rencontre-avec-safia-al-bagdadi-forbach-de\/\",\"url\":\"https:\/\/paysdeforbach.com\/de\/fiche-sit\/F1306007345_rencontre-avec-safia-al-bagdadi-forbach-de\/\",\"name\":\"Rencontre avec Safia Al Bagdadi - FORBACH\",\"isPartOf\":{\"@id\":\"https:\/\/paysdeforbach.com\/de\/#website\"},\"datePublished\":\"-0001-11-30T00:00:00+00:00\",\"dateModified\":\"2026-04-30T16:40:20+00:00\",\"description\":\"Wir freuen uns, Safia Al Bagdadi zu empfangen, die im Rahmen einer Lesereise durch die Stadt Saarbr\u00fccken auch in Forbach Halt ...\",\"breadcrumb\":{\"@id\":\"https:\/\/paysdeforbach.com\/de\/fiche-sit\/F1306007345_rencontre-avec-safia-al-bagdadi-forbach-de\/#breadcrumb\"},\"inLanguage\":\"de\",\"potentialAction\":[{\"@type\":\"ReadAction\",\"target\":[\"https:\/\/paysdeforbach.com\/de\/fiche-sit\/F1306007345_rencontre-avec-safia-al-bagdadi-forbach-de\/\"]}]},{\"@type\":\"BreadcrumbList\",\"@id\":\"https:\/\/paysdeforbach.com\/de\/fiche-sit\/F1306007345_rencontre-avec-safia-al-bagdadi-forbach-de\/#breadcrumb\",\"itemListElement\":[{\"@type\":\"ListItem\",\"position\":1,\"name\":\"Accueil\",\"item\":\"https:\/\/paysdeforbach.com\/de\/\"},{\"@type\":\"ListItem\",\"position\":2,\"name\":\"Touristisches Informationsblatt\",\"item\":\"https:\/\/paysdeforbach.com\/de\/fiche-sit\/\"},{\"@type\":\"ListItem\",\"position\":3,\"name\":\"Rencontre avec Safia Al Bagdadi\"}]},{\"@type\":\"WebSite\",\"@id\":\"https:\/\/paysdeforbach.com\/de\/#website\",\"url\":\"https:\/\/paysdeforbach.com\/de\/\",\"name\":\"OT Pays de Forbach\",\"description\":\"\",\"publisher\":{\"@id\":\"https:\/\/paysdeforbach.com\/de\/#organization\"},\"potentialAction\":[{\"@type\":\"SearchAction\",\"target\":{\"@type\":\"EntryPoint\",\"urlTemplate\":\"https:\/\/paysdeforbach.com\/de\/?s={search_term_string}\"},\"query-input\":{\"@type\":\"PropertyValueSpecification\",\"valueRequired\":true,\"valueName\":\"search_term_string\"}}],\"inLanguage\":\"de\"},{\"@type\":\"Organization\",\"@id\":\"https:\/\/paysdeforbach.com\/de\/#organization\",\"name\":\"OT Pays de Forbach\",\"url\":\"https:\/\/paysdeforbach.com\/de\/\",\"logo\":{\"@type\":\"ImageObject\",\"inLanguage\":\"de\",\"@id\":\"https:\/\/paysdeforbach.com\/de\/#\/schema\/logo\/image\/\",\"url\":\"https:\/\/paysdeforbach.com\/wp-content\/uploads\/2025\/11\/cropped-logo-Pays-de-Forbach_Quadri.webp\",\"contentUrl\":\"https:\/\/paysdeforbach.com\/wp-content\/uploads\/2025\/11\/cropped-logo-Pays-de-Forbach_Quadri.webp\",\"width\":623,\"height\":356,\"caption\":\"OT Pays de Forbach\"},\"image\":{\"@id\":\"https:\/\/paysdeforbach.com\/de\/#\/schema\/logo\/image\/\"}}]}<\/script>\n<!-- \/ Yoast SEO plugin. -->","yoast_head_json":{"title":"Rencontre avec Safia Al Bagdadi - FORBACH","description":"Wir freuen uns, Safia Al Bagdadi zu empfangen, die im Rahmen einer Lesereise durch die Stadt Saarbr\u00fccken auch in Forbach Halt ...","robots":{"index":"index","follow":"follow","max-snippet":"max-snippet:-1","max-image-preview":"max-image-preview:large","max-video-preview":"max-video-preview:-1"},"canonical":"https:\/\/paysdeforbach.com\/de\/fiche-sit\/F1306007345_rencontre-avec-safia-al-bagdadi-forbach-de\/","og_locale":"de_DE","og_type":"article","og_title":"Rencontre avec Safia Al Bagdadi - FORBACH","og_description":"Wir freuen uns, Safia Al Bagdadi zu empfangen, die im Rahmen einer Lesereise durch die Stadt Saarbr\u00fccken auch in Forbach Halt ...","og_url":"https:\/\/paysdeforbach.com\/de\/fiche-sit\/F1306007345_rencontre-avec-safia-al-bagdadi-forbach-de\/","og_site_name":"Office de Tourisme du Pays de Forbach","article_modified_time":"2026-04-30T16:40:20+00:00","twitter_card":"summary_large_image","twitter_misc":{"Gesch\u00e4tzte Lesezeit":"1\u00a0Minute"},"schema":{"@context":"https:\/\/schema.org","@graph":[{"@type":"WebPage","@id":"https:\/\/paysdeforbach.com\/de\/fiche-sit\/F1306007345_rencontre-avec-safia-al-bagdadi-forbach-de\/","url":"https:\/\/paysdeforbach.com\/de\/fiche-sit\/F1306007345_rencontre-avec-safia-al-bagdadi-forbach-de\/","name":"Rencontre avec Safia Al Bagdadi - FORBACH","isPartOf":{"@id":"https:\/\/paysdeforbach.com\/de\/#website"},"datePublished":"-0001-11-30T00:00:00+00:00","dateModified":"2026-04-30T16:40:20+00:00","description":"Wir freuen uns, Safia Al Bagdadi zu empfangen, die im Rahmen einer Lesereise durch die Stadt Saarbr\u00fccken auch in Forbach Halt ...","breadcrumb":{"@id":"https:\/\/paysdeforbach.com\/de\/fiche-sit\/F1306007345_rencontre-avec-safia-al-bagdadi-forbach-de\/#breadcrumb"},"inLanguage":"de","potentialAction":[{"@type":"ReadAction","target":["https:\/\/paysdeforbach.com\/de\/fiche-sit\/F1306007345_rencontre-avec-safia-al-bagdadi-forbach-de\/"]}]},{"@type":"BreadcrumbList","@id":"https:\/\/paysdeforbach.com\/de\/fiche-sit\/F1306007345_rencontre-avec-safia-al-bagdadi-forbach-de\/#breadcrumb","itemListElement":[{"@type":"ListItem","position":1,"name":"Accueil","item":"https:\/\/paysdeforbach.com\/de\/"},{"@type":"ListItem","position":2,"name":"Touristisches Informationsblatt","item":"https:\/\/paysdeforbach.com\/de\/fiche-sit\/"},{"@type":"ListItem","position":3,"name":"Rencontre avec Safia Al Bagdadi"}]},{"@type":"WebSite","@id":"https:\/\/paysdeforbach.com\/de\/#website","url":"https:\/\/paysdeforbach.com\/de\/","name":"OT Pays de Forbach","description":"","publisher":{"@id":"https:\/\/paysdeforbach.com\/de\/#organization"},"potentialAction":[{"@type":"SearchAction","target":{"@type":"EntryPoint","urlTemplate":"https:\/\/paysdeforbach.com\/de\/?s={search_term_string}"},"query-input":{"@type":"PropertyValueSpecification","valueRequired":true,"valueName":"search_term_string"}}],"inLanguage":"de"},{"@type":"Organization","@id":"https:\/\/paysdeforbach.com\/de\/#organization","name":"OT Pays de Forbach","url":"https:\/\/paysdeforbach.com\/de\/","logo":{"@type":"ImageObject","inLanguage":"de","@id":"https:\/\/paysdeforbach.com\/de\/#\/schema\/logo\/image\/","url":"https:\/\/paysdeforbach.com\/wp-content\/uploads\/2025\/11\/cropped-logo-Pays-de-Forbach_Quadri.webp","contentUrl":"https:\/\/paysdeforbach.com\/wp-content\/uploads\/2025\/11\/cropped-logo-Pays-de-Forbach_Quadri.webp","width":623,"height":356,"caption":"OT Pays de Forbach"},"image":{"@id":"https:\/\/paysdeforbach.com\/de\/#\/schema\/logo\/image\/"}}]}},"_links":{"self":[{"href":"https:\/\/paysdeforbach.com\/de\/wp-json\/wp\/v2\/fiche_sit\/19584","targetHints":{"allow":["GET"]}}],"collection":[{"href":"https:\/\/paysdeforbach.com\/de\/wp-json\/wp\/v2\/fiche_sit"}],"about":[{"href":"https:\/\/paysdeforbach.com\/de\/wp-json\/wp\/v2\/types\/fiche_sit"}],"wp:attachment":[{"href":"https:\/\/paysdeforbach.com\/de\/wp-json\/wp\/v2\/media?parent=19584"}],"wp:term":[{"taxonomy":"rubrique_sit_primaire","embeddable":true,"href":"https:\/\/paysdeforbach.com\/de\/wp-json\/wp\/v2\/rubrique_sit_primaire?post=19584"}],"curies":[{"name":"wp","href":"https:\/\/api.w.org\/{rel}","templated":true}]}}

<p>Wir freuen uns, Safia Al Bagdadi zu empfangen, die im Rahmen einer Lesereise durch die Stadt Saarbrücken auch in Forbach Halt machen wird. Eine einmalige Gelegenheit, einen Auszug aus ihrem Buch zu entdecken, das bisher noch nicht auf Französisch erschienen ist. Achtung, begrenzte Plätze, die über den Ticketverkauf des Festivals gebucht werden müssen. Keine Sorge, es bleibt kostenlos!<br />
Das Festival Perspectives findet also vom 21. bis 30. Mai im Saarland und in der Moselle statt. Das gesamte Programm ist im Buchhandel erhältlich, aber auch hier: festival-perspectives.de.<br />
Es ist für jeden Geschmack etwas dabei!<br />
Kostenlos mit Reservierung.</p>

<p>Wir freuen uns, Safia Al Bagdadi zu empfangen, die im Rahmen einer Lesereise durch die Stadt Saarbrücken auch in Forbach Halt machen wird. Eine einmalige Gelegenheit, einen Auszug aus ihrem Buch zu entdecken, das bisher noch nicht auf Französisch erschienen ist. Achtung, begrenzte Plätze, die über den Ticketverkauf des Festivals gebucht werden müssen. Keine Sorge, [&hellip;]</p>

<!-- This site is optimized with the Yoast SEO plugin v26.8 - https://yoast.com/product/yoast-seo-wordpress/ -->
<title>Rencontre avec Safia Al Bagdadi - FORBACH</title>
<meta name="description" content="Wir freuen uns, Safia Al Bagdadi zu empfangen, die im Rahmen einer Lesereise durch die Stadt Saarbrücken auch in Forbach Halt ..." />
<meta name="robots" content="index, follow, max-snippet:-1, max-image-preview:large, max-video-preview:-1" />
<link rel="canonical" href="https://paysdeforbach.com/de/fiche-sit/F1306007345_rencontre-avec-safia-al-bagdadi-forbach-de/" />
<meta property="og:locale" content="de_DE" />
<meta property="og:type" content="article" />
<meta property="og:title" content="Rencontre avec Safia Al Bagdadi - FORBACH" />
<meta property="og:description" content="Wir freuen uns, Safia Al Bagdadi zu empfangen, die im Rahmen einer Lesereise durch die Stadt Saarbrücken auch in Forbach Halt ..." />
<meta property="og:url" content="https://paysdeforbach.com/de/fiche-sit/F1306007345_rencontre-avec-safia-al-bagdadi-forbach-de/" />
<meta property="og:site_name" content="Office de Tourisme du Pays de Forbach" />
<meta property="article:modified_time" content="2026-04-30T16:40:20+00:00" />
<meta name="twitter:card" content="summary_large_image" />
<meta name="twitter:label1" content="Geschätzte Lesezeit" />
	<meta name="twitter:data1" content="1 Minute" />
<script type="application/ld+json" class="yoast-schema-graph">{"@context":"https://schema.org","@graph":[{"@type":"WebPage","@id":"https://paysdeforbach.com/de/fiche-sit/F1306007345_rencontre-avec-safia-al-bagdadi-forbach-de/","url":"https://paysdeforbach.com/de/fiche-sit/F1306007345_rencontre-avec-safia-al-bagdadi-forbach-de/","name":"Rencontre avec Safia Al Bagdadi - FORBACH","isPartOf":{"@id":"https://paysdeforbach.com/de/#website"},"datePublished":"-0001-11-30T00:00:00+00:00","dateModified":"2026-04-30T16:40:20+00:00","description":"Wir freuen uns, Safia Al Bagdadi zu empfangen, die im Rahmen einer Lesereise durch die Stadt Saarbrücken auch in Forbach Halt ...","breadcrumb":{"@id":"https://paysdeforbach.com/de/fiche-sit/F1306007345_rencontre-avec-safia-al-bagdadi-forbach-de/#breadcrumb"},"inLanguage":"de","potentialAction":[{"@type":"ReadAction","target":["https://paysdeforbach.com/de/fiche-sit/F1306007345_rencontre-avec-safia-al-bagdadi-forbach-de/"]}]},{"@type":"BreadcrumbList","@id":"https://paysdeforbach.com/de/fiche-sit/F1306007345_rencontre-avec-safia-al-bagdadi-forbach-de/#breadcrumb","itemListElement":[{"@type":"ListItem","position":1,"name":"Accueil","item":"https://paysdeforbach.com/de/"},{"@type":"ListItem","position":2,"name":"Touristisches Informationsblatt","item":"https://paysdeforbach.com/de/fiche-sit/"},{"@type":"ListItem","position":3,"name":"Rencontre avec Safia Al Bagdadi"}]},{"@type":"WebSite","@id":"https://paysdeforbach.com/de/#website","url":"https://paysdeforbach.com/de/","name":"OT Pays de Forbach","description":"","publisher":{"@id":"https://paysdeforbach.com/de/#organization"},"potentialAction":[{"@type":"SearchAction","target":{"@type":"EntryPoint","urlTemplate":"https://paysdeforbach.com/de/?s={search_term_string}"},"query-input":{"@type":"PropertyValueSpecification","valueRequired":true,"valueName":"search_term_string"}}],"inLanguage":"de"},{"@type":"Organization","@id":"https://paysdeforbach.com/de/#organization","name":"OT Pays de Forbach","url":"https://paysdeforbach.com/de/","logo":{"@type":"ImageObject","inLanguage":"de","@id":"https://paysdeforbach.com/de/#/schema/logo/image/","url":"https://paysdeforbach.com/wp-content/uploads/2025/11/cropped-logo-Pays-de-Forbach_Quadri.webp","contentUrl":"https://paysdeforbach.com/wp-content/uploads/2025/11/cropped-logo-Pays-de-Forbach_Quadri.webp","width":623,"height":356,"caption":"OT Pays de Forbach"},"image":{"@id":"https://paysdeforbach.com/de/#/schema/logo/image/"}}]}</script>
<!-- / Yoast SEO plugin. -->

Wir freuen uns, Safia Al Bagdadi zu empfangen, die im Rahmen einer Lesereise durch die Stadt Saarbrücken auch in Forbach Halt ...
