{"id":19601,"date":"-0001-11-30T00:00:00","date_gmt":"-0001-11-30T00:00:00","guid":{"rendered":""},"modified":"2026-05-02T00:50:26","modified_gmt":"2026-05-02T00:50:26","slug":"F1306006666_nuit-europeenne-des-musees-au-parc-explor-wendel-petite-rosselle-de","status":"publish","type":"fiche_sit","link":"https:\/\/paysdeforbach.com\/de\/fiche-sit\/F1306006666_nuit-europeenne-des-musees-au-parc-explor-wendel-petite-rosselle-de\/","title":{"rendered":"Nuit europ\u00e9enne des mus\u00e9es au Parc Explor Wendel"},"content":{"rendered":"<p>Die Europ\u00e4ische Nacht der Museen findet am Samstag, den 23. Mai 2026 statt. An diesem Abend \u00f6ffnen zahlreiche Museen in Frankreich und Europa nach Einbruch der Dunkelheit kostenlos ihre T\u00fcren. Dieses Jahr findet die Veranstaltung zum 22. Mal statt.<br \/>\nIm Parc Explor Wendel steht ein Besuch nur mit einer Taschenlampe auf dem Programm. Das Publikum wird eingeladen, in v\u00f6lliger Dunkelheit den Arbeitsplatz eines Kohlebergarbeiters zu verfolgen.<br \/>\nUm 20 Uhr und mit Reservierung bietet eine lebendige und hypnotische Vorstellung des Ensembles Nist-Nah eine Begegnung zwischen Tradition und Experiment: ein Eintauchen in die klangvolle und bet\u00f6rende Welt der Gongs, inspiriert von den Traditionen Asiens.<br \/>\nDas Caf\u00e9 Kaffeeklatsch wird den ganzen Abend \u00fcber ge\u00f6ffnet sein.<\/p>\n<p>Eine ungew\u00f6hnliche Erfahrung im Parc Explor Wendel<\/p>\n<p>Der Besuch der Museen Les Mineurs und La Mine Wendel findet in einer ged\u00e4mpften, fast geheimnisvollen Atmosph\u00e4re statt. Ausgestattet mit Taschenlampen wandeln die Besucher auf den Spuren der Bergleute, in einer Dunkelheit, die das Eintauchen in die Materie beg\u00fcnstigt.<\/p>\n<p>Die erste Etappe ist der Gang durch die H\u00e4nger\u00e4ume, die Duschen und die Lampenstube, wo der Bergmann seine gesamte Ausr\u00fcstung anlegte: Blaumann, Lampenkap, Helm, Notfall-Atemsystem..... Nach einer Fahrt \u00fcber das beeindruckende Minenfeld, das von seinen drei F\u00f6rdert\u00fcrmen dominiert wird, tauchen Sie in die Eingeweide der Erde ein, indem Sie den Simulator des Fahrstuhlschachts durchqueren, der Sie, ohne es wirklich zu tun, fast 1200 m unter die Erde bef\u00f6rdert... Die Entdeckung der Baustellen Fels, Trassierung und Ebenen, die ebenfalls in die Nacht getaucht sind, erm\u00f6glicht es Ihnen, diese Erfahrung so nah wie m\u00f6glich an dem zu erleben, was die Bergleute bereits vor 20 Jahren erlebt und erfahren haben.<br \/>\nEin beeindruckendes Erlebnis, das sowohl historisch als auch sinnlich ist.<\/p>\n<p>NIST-NAH Ensemble<\/p>\n<p>Das Ensemble Nist-Nah, das 2019 von dem australischen Perkussionisten Will Guthrie gegr\u00fcndet wurde, bietet ein immersives Klangerlebnis an der Schnittstelle zwischen Gamelan und experimenteller Musik. Getragen von acht Musikern mit unterschiedlichen Hintergr\u00fcnden, erkundet die Gruppe ein vibrierendes Universum aus Gongs, Glocken und klingenden Metallen, in dem sich faszinierende rhythmische und harmonische Architekturen entfalten. Inspiriert von den Traditionen Indonesiens und der Gongmusik S\u00fcdostasiens, befreit sich ihre Musik von jeglicher Folklore, um einen lebendigen, kollektiven und sich st\u00e4ndig wandelnden Ansatz zu bevorzugen. Zwischen Trance, hypnotischer Wiederholung und neuartigen Klangtexturen wird jede Performance zu einem Raum des intensiven und gemeinsamen H\u00f6rens. Gen\u00e4hrt von Einfl\u00fcssen, die von javanischen Ritualen bis zu den k\u00fchnsten zeitgen\u00f6ssischen Erkundungen reichen, baut Nist-Nah eine einzigartige Sprache auf, die zugleich verwurzelt und entschieden aktuell ist.<br \/>\nMehr als ein Konzert, es ist eine Einladung zu einem seltenen und fesselnden Klangerlebnis ab 20 Uhr und mit Reservierung.<\/p>\n<p>In unserem Kaffeeklatsch-Bereich wird ein Catering angeboten.<br \/>\nZu diesem Anlass \u00f6ffnen der Kaffeeklatsch und seine Terrasse ihre T\u00fcren f\u00fcr Sie in einer warmen und gem\u00fctlichen Atmosph\u00e4re. Genie\u00dfen Sie den Abend und probieren Sie unsere Auswahl an Pizzen, Quiches und unwiderstehlichen hausgemachten Kuchen. Eine Gourmetpause unter dem Sternenhimmel erwartet Sie vor oder nach Ihrem Besuch!<\/p>\n","protected":false},"excerpt":{"rendered":"<p>Die Europ\u00e4ische Nacht der Museen findet am Samstag, den 23. Mai 2026 statt. An diesem Abend \u00f6ffnen zahlreiche Museen in Frankreich und Europa nach Einbruch der Dunkelheit kostenlos ihre T\u00fcren. Dieses Jahr findet die Veranstaltung zum 22. Mal statt. Im Parc Explor Wendel steht ein Besuch nur mit einer Taschenlampe auf dem Programm. Das Publikum [&hellip;]<\/p>\n","protected":false},"featured_media":0,"template":"","rubrique_sit_primaire":[720,768,759],"class_list":["post-19601","fiche_sit","type-fiche_sit","status-publish","hentry","rubrique_sit_primaire-accueil-agenda","rubrique_sit_primaire-startseite-agenda","rubrique_sit_primaire-veranstaltungen"],"yoast_head":"<!-- This site is optimized with the Yoast SEO plugin v26.8 - https:\/\/yoast.com\/product\/yoast-seo-wordpress\/ -->\n<title>Nuit europ\u00e9enne des mus\u00e9es au Parc Explor Wendel - PETITE ROSSELLE<\/title>\n<meta name=\"description\" content=\"Die Europ\u00e4ische Nacht der Museen findet am Samstag, den 23. Mai 2026 statt. An diesem Abend \u00f6ffnen zahlreiche Museen in Frank...\" \/>\n<meta name=\"robots\" content=\"index, follow, max-snippet:-1, max-image-preview:large, max-video-preview:-1\" \/>\n<link rel=\"canonical\" href=\"https:\/\/paysdeforbach.com\/de\/fiche-sit\/F1306006666_nuit-europeenne-des-musees-au-parc-explor-wendel-petite-rosselle-de\/\" \/>\n<meta property=\"og:locale\" content=\"de_DE\" \/>\n<meta property=\"og:type\" content=\"article\" \/>\n<meta property=\"og:title\" content=\"Nuit europ\u00e9enne des mus\u00e9es au Parc Explor Wendel - PETITE ROSSELLE\" \/>\n<meta property=\"og:description\" content=\"Die Europ\u00e4ische Nacht der Museen findet am Samstag, den 23. Mai 2026 statt. An diesem Abend \u00f6ffnen zahlreiche Museen in Frank...\" \/>\n<meta property=\"og:url\" content=\"https:\/\/paysdeforbach.com\/de\/fiche-sit\/F1306006666_nuit-europeenne-des-musees-au-parc-explor-wendel-petite-rosselle-de\/\" \/>\n<meta property=\"og:site_name\" content=\"Office de Tourisme du Pays de Forbach\" \/>\n<meta property=\"article:modified_time\" content=\"2026-05-02T00:50:26+00:00\" \/>\n<meta name=\"twitter:card\" content=\"summary_large_image\" \/>\n<meta name=\"twitter:label1\" content=\"Gesch\u00e4tzte Lesezeit\" \/>\n\t<meta name=\"twitter:data1\" content=\"2\u00a0Minuten\" \/>\n<script type=\"application\/ld+json\" class=\"yoast-schema-graph\">{\"@context\":\"https:\/\/schema.org\",\"@graph\":[{\"@type\":\"WebPage\",\"@id\":\"https:\/\/paysdeforbach.com\/de\/fiche-sit\/F1306006666_nuit-europeenne-des-musees-au-parc-explor-wendel-petite-rosselle-de\/\",\"url\":\"https:\/\/paysdeforbach.com\/de\/fiche-sit\/F1306006666_nuit-europeenne-des-musees-au-parc-explor-wendel-petite-rosselle-de\/\",\"name\":\"Nuit europ\u00e9enne des mus\u00e9es au Parc Explor Wendel - PETITE ROSSELLE\",\"isPartOf\":{\"@id\":\"https:\/\/paysdeforbach.com\/de\/#website\"},\"datePublished\":\"-0001-11-30T00:00:00+00:00\",\"dateModified\":\"2026-05-02T00:50:26+00:00\",\"description\":\"Die Europ\u00e4ische Nacht der Museen findet am Samstag, den 23. Mai 2026 statt. An diesem Abend \u00f6ffnen zahlreiche Museen in Frank...\",\"breadcrumb\":{\"@id\":\"https:\/\/paysdeforbach.com\/de\/fiche-sit\/F1306006666_nuit-europeenne-des-musees-au-parc-explor-wendel-petite-rosselle-de\/#breadcrumb\"},\"inLanguage\":\"de\",\"potentialAction\":[{\"@type\":\"ReadAction\",\"target\":[\"https:\/\/paysdeforbach.com\/de\/fiche-sit\/F1306006666_nuit-europeenne-des-musees-au-parc-explor-wendel-petite-rosselle-de\/\"]}]},{\"@type\":\"BreadcrumbList\",\"@id\":\"https:\/\/paysdeforbach.com\/de\/fiche-sit\/F1306006666_nuit-europeenne-des-musees-au-parc-explor-wendel-petite-rosselle-de\/#breadcrumb\",\"itemListElement\":[{\"@type\":\"ListItem\",\"position\":1,\"name\":\"Accueil\",\"item\":\"https:\/\/paysdeforbach.com\/de\/\"},{\"@type\":\"ListItem\",\"position\":2,\"name\":\"Touristisches Informationsblatt\",\"item\":\"https:\/\/paysdeforbach.com\/de\/fiche-sit\/\"},{\"@type\":\"ListItem\",\"position\":3,\"name\":\"Nuit europ\u00e9enne des mus\u00e9es au Parc Explor Wendel\"}]},{\"@type\":\"WebSite\",\"@id\":\"https:\/\/paysdeforbach.com\/de\/#website\",\"url\":\"https:\/\/paysdeforbach.com\/de\/\",\"name\":\"OT Pays de Forbach\",\"description\":\"\",\"publisher\":{\"@id\":\"https:\/\/paysdeforbach.com\/de\/#organization\"},\"potentialAction\":[{\"@type\":\"SearchAction\",\"target\":{\"@type\":\"EntryPoint\",\"urlTemplate\":\"https:\/\/paysdeforbach.com\/de\/?s={search_term_string}\"},\"query-input\":{\"@type\":\"PropertyValueSpecification\",\"valueRequired\":true,\"valueName\":\"search_term_string\"}}],\"inLanguage\":\"de\"},{\"@type\":\"Organization\",\"@id\":\"https:\/\/paysdeforbach.com\/de\/#organization\",\"name\":\"OT Pays de Forbach\",\"url\":\"https:\/\/paysdeforbach.com\/de\/\",\"logo\":{\"@type\":\"ImageObject\",\"inLanguage\":\"de\",\"@id\":\"https:\/\/paysdeforbach.com\/de\/#\/schema\/logo\/image\/\",\"url\":\"https:\/\/paysdeforbach.com\/wp-content\/uploads\/2025\/11\/cropped-logo-Pays-de-Forbach_Quadri.webp\",\"contentUrl\":\"https:\/\/paysdeforbach.com\/wp-content\/uploads\/2025\/11\/cropped-logo-Pays-de-Forbach_Quadri.webp\",\"width\":623,\"height\":356,\"caption\":\"OT Pays de Forbach\"},\"image\":{\"@id\":\"https:\/\/paysdeforbach.com\/de\/#\/schema\/logo\/image\/\"}}]}<\/script>\n<!-- \/ Yoast SEO plugin. -->","yoast_head_json":{"title":"Nuit europ\u00e9enne des mus\u00e9es au Parc Explor Wendel - PETITE ROSSELLE","description":"Die Europ\u00e4ische Nacht der Museen findet am Samstag, den 23. Mai 2026 statt. An diesem Abend \u00f6ffnen zahlreiche Museen in Frank...","robots":{"index":"index","follow":"follow","max-snippet":"max-snippet:-1","max-image-preview":"max-image-preview:large","max-video-preview":"max-video-preview:-1"},"canonical":"https:\/\/paysdeforbach.com\/de\/fiche-sit\/F1306006666_nuit-europeenne-des-musees-au-parc-explor-wendel-petite-rosselle-de\/","og_locale":"de_DE","og_type":"article","og_title":"Nuit europ\u00e9enne des mus\u00e9es au Parc Explor Wendel - PETITE ROSSELLE","og_description":"Die Europ\u00e4ische Nacht der Museen findet am Samstag, den 23. Mai 2026 statt. An diesem Abend \u00f6ffnen zahlreiche Museen in Frank...","og_url":"https:\/\/paysdeforbach.com\/de\/fiche-sit\/F1306006666_nuit-europeenne-des-musees-au-parc-explor-wendel-petite-rosselle-de\/","og_site_name":"Office de Tourisme du Pays de Forbach","article_modified_time":"2026-05-02T00:50:26+00:00","twitter_card":"summary_large_image","twitter_misc":{"Gesch\u00e4tzte Lesezeit":"2\u00a0Minuten"},"schema":{"@context":"https:\/\/schema.org","@graph":[{"@type":"WebPage","@id":"https:\/\/paysdeforbach.com\/de\/fiche-sit\/F1306006666_nuit-europeenne-des-musees-au-parc-explor-wendel-petite-rosselle-de\/","url":"https:\/\/paysdeforbach.com\/de\/fiche-sit\/F1306006666_nuit-europeenne-des-musees-au-parc-explor-wendel-petite-rosselle-de\/","name":"Nuit europ\u00e9enne des mus\u00e9es au Parc Explor Wendel - PETITE ROSSELLE","isPartOf":{"@id":"https:\/\/paysdeforbach.com\/de\/#website"},"datePublished":"-0001-11-30T00:00:00+00:00","dateModified":"2026-05-02T00:50:26+00:00","description":"Die Europ\u00e4ische Nacht der Museen findet am Samstag, den 23. Mai 2026 statt. An diesem Abend \u00f6ffnen zahlreiche Museen in Frank...","breadcrumb":{"@id":"https:\/\/paysdeforbach.com\/de\/fiche-sit\/F1306006666_nuit-europeenne-des-musees-au-parc-explor-wendel-petite-rosselle-de\/#breadcrumb"},"inLanguage":"de","potentialAction":[{"@type":"ReadAction","target":["https:\/\/paysdeforbach.com\/de\/fiche-sit\/F1306006666_nuit-europeenne-des-musees-au-parc-explor-wendel-petite-rosselle-de\/"]}]},{"@type":"BreadcrumbList","@id":"https:\/\/paysdeforbach.com\/de\/fiche-sit\/F1306006666_nuit-europeenne-des-musees-au-parc-explor-wendel-petite-rosselle-de\/#breadcrumb","itemListElement":[{"@type":"ListItem","position":1,"name":"Accueil","item":"https:\/\/paysdeforbach.com\/de\/"},{"@type":"ListItem","position":2,"name":"Touristisches Informationsblatt","item":"https:\/\/paysdeforbach.com\/de\/fiche-sit\/"},{"@type":"ListItem","position":3,"name":"Nuit europ\u00e9enne des mus\u00e9es au Parc Explor Wendel"}]},{"@type":"WebSite","@id":"https:\/\/paysdeforbach.com\/de\/#website","url":"https:\/\/paysdeforbach.com\/de\/","name":"OT Pays de Forbach","description":"","publisher":{"@id":"https:\/\/paysdeforbach.com\/de\/#organization"},"potentialAction":[{"@type":"SearchAction","target":{"@type":"EntryPoint","urlTemplate":"https:\/\/paysdeforbach.com\/de\/?s={search_term_string}"},"query-input":{"@type":"PropertyValueSpecification","valueRequired":true,"valueName":"search_term_string"}}],"inLanguage":"de"},{"@type":"Organization","@id":"https:\/\/paysdeforbach.com\/de\/#organization","name":"OT Pays de Forbach","url":"https:\/\/paysdeforbach.com\/de\/","logo":{"@type":"ImageObject","inLanguage":"de","@id":"https:\/\/paysdeforbach.com\/de\/#\/schema\/logo\/image\/","url":"https:\/\/paysdeforbach.com\/wp-content\/uploads\/2025\/11\/cropped-logo-Pays-de-Forbach_Quadri.webp","contentUrl":"https:\/\/paysdeforbach.com\/wp-content\/uploads\/2025\/11\/cropped-logo-Pays-de-Forbach_Quadri.webp","width":623,"height":356,"caption":"OT Pays de Forbach"},"image":{"@id":"https:\/\/paysdeforbach.com\/de\/#\/schema\/logo\/image\/"}}]}},"_links":{"self":[{"href":"https:\/\/paysdeforbach.com\/de\/wp-json\/wp\/v2\/fiche_sit\/19601","targetHints":{"allow":["GET"]}}],"collection":[{"href":"https:\/\/paysdeforbach.com\/de\/wp-json\/wp\/v2\/fiche_sit"}],"about":[{"href":"https:\/\/paysdeforbach.com\/de\/wp-json\/wp\/v2\/types\/fiche_sit"}],"wp:attachment":[{"href":"https:\/\/paysdeforbach.com\/de\/wp-json\/wp\/v2\/media?parent=19601"}],"wp:term":[{"taxonomy":"rubrique_sit_primaire","embeddable":true,"href":"https:\/\/paysdeforbach.com\/de\/wp-json\/wp\/v2\/rubrique_sit_primaire?post=19601"}],"curies":[{"name":"wp","href":"https:\/\/api.w.org\/{rel}","templated":true}]}}

Nuit européenne des musées au Parc Explor Wendel

<p>Die Europäische Nacht der Museen findet am Samstag, den 23. Mai 2026 statt. An diesem Abend öffnen zahlreiche Museen in Frankreich und Europa nach Einbruch der Dunkelheit kostenlos ihre Türen. Dieses Jahr findet die Veranstaltung zum 22. Mal statt.<br />
Im Parc Explor Wendel steht ein Besuch nur mit einer Taschenlampe auf dem Programm. Das Publikum wird eingeladen, in völliger Dunkelheit den Arbeitsplatz eines Kohlebergarbeiters zu verfolgen.<br />
Um 20 Uhr und mit Reservierung bietet eine lebendige und hypnotische Vorstellung des Ensembles Nist-Nah eine Begegnung zwischen Tradition und Experiment: ein Eintauchen in die klangvolle und betörende Welt der Gongs, inspiriert von den Traditionen Asiens.<br />
Das Café Kaffeeklatsch wird den ganzen Abend über geöffnet sein.</p>
<p>Eine ungewöhnliche Erfahrung im Parc Explor Wendel</p>
<p>Der Besuch der Museen Les Mineurs und La Mine Wendel findet in einer gedämpften, fast geheimnisvollen Atmosphäre statt. Ausgestattet mit Taschenlampen wandeln die Besucher auf den Spuren der Bergleute, in einer Dunkelheit, die das Eintauchen in die Materie begünstigt.</p>
<p>Die erste Etappe ist der Gang durch die Hängeräume, die Duschen und die Lampenstube, wo der Bergmann seine gesamte Ausrüstung anlegte: Blaumann, Lampenkap, Helm, Notfall-Atemsystem..... Nach einer Fahrt über das beeindruckende Minenfeld, das von seinen drei Fördertürmen dominiert wird, tauchen Sie in die Eingeweide der Erde ein, indem Sie den Simulator des Fahrstuhlschachts durchqueren, der Sie, ohne es wirklich zu tun, fast 1200 m unter die Erde befördert... Die Entdeckung der Baustellen Fels, Trassierung und Ebenen, die ebenfalls in die Nacht getaucht sind, ermöglicht es Ihnen, diese Erfahrung so nah wie möglich an dem zu erleben, was die Bergleute bereits vor 20 Jahren erlebt und erfahren haben.<br />
Ein beeindruckendes Erlebnis, das sowohl historisch als auch sinnlich ist.</p>
<p>NIST-NAH Ensemble</p>
<p>Das Ensemble Nist-Nah, das 2019 von dem australischen Perkussionisten Will Guthrie gegründet wurde, bietet ein immersives Klangerlebnis an der Schnittstelle zwischen Gamelan und experimenteller Musik. Getragen von acht Musikern mit unterschiedlichen Hintergründen, erkundet die Gruppe ein vibrierendes Universum aus Gongs, Glocken und klingenden Metallen, in dem sich faszinierende rhythmische und harmonische Architekturen entfalten. Inspiriert von den Traditionen Indonesiens und der Gongmusik Südostasiens, befreit sich ihre Musik von jeglicher Folklore, um einen lebendigen, kollektiven und sich ständig wandelnden Ansatz zu bevorzugen. Zwischen Trance, hypnotischer Wiederholung und neuartigen Klangtexturen wird jede Performance zu einem Raum des intensiven und gemeinsamen Hörens. Genährt von Einflüssen, die von javanischen Ritualen bis zu den kühnsten zeitgenössischen Erkundungen reichen, baut Nist-Nah eine einzigartige Sprache auf, die zugleich verwurzelt und entschieden aktuell ist.<br />
Mehr als ein Konzert, es ist eine Einladung zu einem seltenen und fesselnden Klangerlebnis ab 20 Uhr und mit Reservierung.</p>
<p>In unserem Kaffeeklatsch-Bereich wird ein Catering angeboten.<br />
Zu diesem Anlass öffnen der Kaffeeklatsch und seine Terrasse ihre Türen für Sie in einer warmen und gemütlichen Atmosphäre. Genießen Sie den Abend und probieren Sie unsere Auswahl an Pizzen, Quiches und unwiderstehlichen hausgemachten Kuchen. Eine Gourmetpause unter dem Sternenhimmel erwartet Sie vor oder nach Ihrem Besuch!</p>

<p>Die Europäische Nacht der Museen findet am Samstag, den 23. Mai 2026 statt. An diesem Abend öffnen zahlreiche Museen in Frankreich und Europa nach Einbruch der Dunkelheit kostenlos ihre Türen. Dieses Jahr findet die Veranstaltung zum 22. Mal statt. Im Parc Explor Wendel steht ein Besuch nur mit einer Taschenlampe auf dem Programm. Das Publikum [&hellip;]</p>

<!-- This site is optimized with the Yoast SEO plugin v26.8 - https://yoast.com/product/yoast-seo-wordpress/ -->
<title>Nuit européenne des musées au Parc Explor Wendel - PETITE ROSSELLE</title>
<meta name="description" content="Die Europäische Nacht der Museen findet am Samstag, den 23. Mai 2026 statt. An diesem Abend öffnen zahlreiche Museen in Frank..." />
<meta name="robots" content="index, follow, max-snippet:-1, max-image-preview:large, max-video-preview:-1" />
<link rel="canonical" href="https://paysdeforbach.com/de/fiche-sit/F1306006666_nuit-europeenne-des-musees-au-parc-explor-wendel-petite-rosselle-de/" />
<meta property="og:locale" content="de_DE" />
<meta property="og:type" content="article" />
<meta property="og:title" content="Nuit européenne des musées au Parc Explor Wendel - PETITE ROSSELLE" />
<meta property="og:description" content="Die Europäische Nacht der Museen findet am Samstag, den 23. Mai 2026 statt. An diesem Abend öffnen zahlreiche Museen in Frank..." />
<meta property="og:url" content="https://paysdeforbach.com/de/fiche-sit/F1306006666_nuit-europeenne-des-musees-au-parc-explor-wendel-petite-rosselle-de/" />
<meta property="og:site_name" content="Office de Tourisme du Pays de Forbach" />
<meta property="article:modified_time" content="2026-05-02T00:50:26+00:00" />
<meta name="twitter:card" content="summary_large_image" />
<meta name="twitter:label1" content="Geschätzte Lesezeit" />
	<meta name="twitter:data1" content="2 Minuten" />
<script type="application/ld+json" class="yoast-schema-graph">{"@context":"https://schema.org","@graph":[{"@type":"WebPage","@id":"https://paysdeforbach.com/de/fiche-sit/F1306006666_nuit-europeenne-des-musees-au-parc-explor-wendel-petite-rosselle-de/","url":"https://paysdeforbach.com/de/fiche-sit/F1306006666_nuit-europeenne-des-musees-au-parc-explor-wendel-petite-rosselle-de/","name":"Nuit européenne des musées au Parc Explor Wendel - PETITE ROSSELLE","isPartOf":{"@id":"https://paysdeforbach.com/de/#website"},"datePublished":"-0001-11-30T00:00:00+00:00","dateModified":"2026-05-02T00:50:26+00:00","description":"Die Europäische Nacht der Museen findet am Samstag, den 23. Mai 2026 statt. An diesem Abend öffnen zahlreiche Museen in Frank...","breadcrumb":{"@id":"https://paysdeforbach.com/de/fiche-sit/F1306006666_nuit-europeenne-des-musees-au-parc-explor-wendel-petite-rosselle-de/#breadcrumb"},"inLanguage":"de","potentialAction":[{"@type":"ReadAction","target":["https://paysdeforbach.com/de/fiche-sit/F1306006666_nuit-europeenne-des-musees-au-parc-explor-wendel-petite-rosselle-de/"]}]},{"@type":"BreadcrumbList","@id":"https://paysdeforbach.com/de/fiche-sit/F1306006666_nuit-europeenne-des-musees-au-parc-explor-wendel-petite-rosselle-de/#breadcrumb","itemListElement":[{"@type":"ListItem","position":1,"name":"Accueil","item":"https://paysdeforbach.com/de/"},{"@type":"ListItem","position":2,"name":"Touristisches Informationsblatt","item":"https://paysdeforbach.com/de/fiche-sit/"},{"@type":"ListItem","position":3,"name":"Nuit européenne des musées au Parc Explor Wendel"}]},{"@type":"WebSite","@id":"https://paysdeforbach.com/de/#website","url":"https://paysdeforbach.com/de/","name":"OT Pays de Forbach","description":"","publisher":{"@id":"https://paysdeforbach.com/de/#organization"},"potentialAction":[{"@type":"SearchAction","target":{"@type":"EntryPoint","urlTemplate":"https://paysdeforbach.com/de/?s={search_term_string}"},"query-input":{"@type":"PropertyValueSpecification","valueRequired":true,"valueName":"search_term_string"}}],"inLanguage":"de"},{"@type":"Organization","@id":"https://paysdeforbach.com/de/#organization","name":"OT Pays de Forbach","url":"https://paysdeforbach.com/de/","logo":{"@type":"ImageObject","inLanguage":"de","@id":"https://paysdeforbach.com/de/#/schema/logo/image/","url":"https://paysdeforbach.com/wp-content/uploads/2025/11/cropped-logo-Pays-de-Forbach_Quadri.webp","contentUrl":"https://paysdeforbach.com/wp-content/uploads/2025/11/cropped-logo-Pays-de-Forbach_Quadri.webp","width":623,"height":356,"caption":"OT Pays de Forbach"},"image":{"@id":"https://paysdeforbach.com/de/#/schema/logo/image/"}}]}</script>
<!-- / Yoast SEO plugin. -->

Nuit européenne des musées au Parc Explor Wendel - PETITE ROSSELLE

Die Europäische Nacht der Museen findet am Samstag, den 23. Mai 2026 statt. An diesem Abend öffnen zahlreiche Museen in Frank...
