{"id":25802,"date":"-0001-11-30T00:00:00","date_gmt":"-0001-11-30T00:00:00","guid":{"rendered":""},"modified":"2026-09-05T06:00:26","modified_gmt":"2026-09-05T06:00:26","slug":"F1306007536_soiree-cine-apero-theding-de","status":"publish","type":"fiche_sit","link":"https:\/\/paysdeforbach.com\/de\/fiche-sit\/F1306007536_soiree-cine-apero-theding-de\/","title":{"rendered":"Soir\u00e9e Cin\u00e9-Ap\u00e9ro"},"content":{"rendered":"<p>Vorf\u00fchrung des Dokumentarfilms \u201eLa Th\u00e9orie du Boxeur\u201c, der sich mit den Herausforderungen befasst, denen die Landwirtschaft angesichts des Klimawandels gegen\u00fcbersteht. Im Anschluss an die Vorf\u00fchrung findet eine von Chlo\u00e9 Lesage, Moderatorin f\u00fcr den \u00f6kologischen Wandel, geleitete Diskussionsrunde statt, um die \u00dcberlegungen zu den im Film angesprochenen Themen fortzusetzen. Im Anschluss an den Austausch gibt es einen Aperitif mit Quiches, Kuchen und anderen herzhaften K\u00f6stlichkeiten, um die Diskussionen in geselliger Atmosph\u00e4re fortzusetzen. Die Veranstaltung ist kostenlos (Getr\u00e4nke sind kostenpflichtig) und es wird ein Begr\u00fc\u00dfungsgetr\u00e4nk angeboten. Eine Online-Anmeldung \u00fcber HelloAsso ist bis zum 21. September erforderlich.<\/p>\n","protected":false},"excerpt":{"rendered":"<p>Vorf\u00fchrung des Dokumentarfilms \u201eLa Th\u00e9orie du Boxeur\u201c, der sich mit den Herausforderungen befasst, denen die Landwirtschaft angesichts des Klimawandels gegen\u00fcbersteht. Im Anschluss an die Vorf\u00fchrung findet eine von Chlo\u00e9 Lesage, Moderatorin f\u00fcr den \u00f6kologischen Wandel, geleitete Diskussionsrunde statt, um die \u00dcberlegungen zu den im Film angesprochenen Themen fortzusetzen. Im Anschluss an den Austausch gibt es [&hellip;]<\/p>\n","protected":false},"featured_media":0,"template":"","rubrique_sit_primaire":[720,768,759],"class_list":["post-25802","fiche_sit","type-fiche_sit","status-publish","hentry","rubrique_sit_primaire-accueil-agenda","rubrique_sit_primaire-startseite-agenda","rubrique_sit_primaire-veranstaltungen"],"yoast_head":"<!-- This site is optimized with the Yoast SEO plugin v27.7 - https:\/\/yoast.com\/product\/yoast-seo-wordpress\/ -->\n<title>Soir\u00e9e Cin\u00e9-Ap\u00e9ro - THEDING<\/title>\n<meta name=\"description\" content=\"Vorf\u00fchrung des Dokumentarfilms \u201eLa Th\u00e9orie du Boxeur\u201c, der sich mit den Herausforderungen befasst, denen die Landwirtscha...\" \/>\n<meta name=\"robots\" content=\"index, follow, max-snippet:-1, max-image-preview:large, max-video-preview:-1\" \/>\n<link rel=\"canonical\" href=\"https:\/\/paysdeforbach.com\/de\/fiche-sit\/F1306007536_soiree-cine-apero-theding-de\/\" \/>\n<meta property=\"og:locale\" content=\"de_DE\" \/>\n<meta property=\"og:type\" content=\"article\" \/>\n<meta property=\"og:title\" content=\"Soir\u00e9e Cin\u00e9-Ap\u00e9ro - THEDING\" \/>\n<meta property=\"og:description\" content=\"Vorf\u00fchrung des Dokumentarfilms \u201eLa Th\u00e9orie du Boxeur\u201c, der sich mit den Herausforderungen befasst, denen die Landwirtscha...\" \/>\n<meta property=\"og:url\" content=\"https:\/\/paysdeforbach.com\/de\/fiche-sit\/F1306007536_soiree-cine-apero-theding-de\/\" \/>\n<meta property=\"og:site_name\" content=\"Office de Tourisme du Pays de Forbach\" \/>\n<meta property=\"article:modified_time\" content=\"2026-09-05T06:00:26+00:00\" \/>\n<meta name=\"twitter:card\" content=\"summary_large_image\" \/>\n<meta name=\"twitter:label1\" content=\"Gesch\u00e4tzte Lesezeit\" \/>\n\t<meta name=\"twitter:data1\" content=\"1\u00a0Minute\" \/>\n<script type=\"application\/ld+json\" class=\"yoast-schema-graph\">{\"@context\":\"https:\\\/\\\/schema.org\",\"@graph\":[{\"@type\":\"WebPage\",\"@id\":\"https:\\\/\\\/paysdeforbach.com\\\/de\\\/fiche-sit\\\/F1306007536_soiree-cine-apero-theding-de\\\/\",\"url\":\"https:\\\/\\\/paysdeforbach.com\\\/de\\\/fiche-sit\\\/F1306007536_soiree-cine-apero-theding-de\\\/\",\"name\":\"Soir\u00e9e Cin\u00e9-Ap\u00e9ro - THEDING\",\"isPartOf\":{\"@id\":\"https:\\\/\\\/paysdeforbach.com\\\/de\\\/#website\"},\"datePublished\":\"-0001-11-30T00:00:00+00:00\",\"dateModified\":\"2026-09-05T06:00:26+00:00\",\"description\":\"Vorf\u00fchrung des Dokumentarfilms \u201eLa Th\u00e9orie du Boxeur\u201c, der sich mit den Herausforderungen befasst, denen die Landwirtscha...\",\"breadcrumb\":{\"@id\":\"https:\\\/\\\/paysdeforbach.com\\\/de\\\/fiche-sit\\\/F1306007536_soiree-cine-apero-theding-de\\\/#breadcrumb\"},\"inLanguage\":\"de\",\"potentialAction\":[{\"@type\":\"ReadAction\",\"target\":[\"https:\\\/\\\/paysdeforbach.com\\\/de\\\/fiche-sit\\\/F1306007536_soiree-cine-apero-theding-de\\\/\"]}]},{\"@type\":\"BreadcrumbList\",\"@id\":\"https:\\\/\\\/paysdeforbach.com\\\/de\\\/fiche-sit\\\/F1306007536_soiree-cine-apero-theding-de\\\/#breadcrumb\",\"itemListElement\":[{\"@type\":\"ListItem\",\"position\":1,\"name\":\"Accueil\",\"item\":\"https:\\\/\\\/paysdeforbach.com\\\/de\\\/\"},{\"@type\":\"ListItem\",\"position\":2,\"name\":\"Touristisches Informationsblatt\",\"item\":\"https:\\\/\\\/paysdeforbach.com\\\/de\\\/fiche-sit\\\/\"},{\"@type\":\"ListItem\",\"position\":3,\"name\":\"Soir\u00e9e Cin\u00e9-Ap\u00e9ro\"}]},{\"@type\":\"WebSite\",\"@id\":\"https:\\\/\\\/paysdeforbach.com\\\/de\\\/#website\",\"url\":\"https:\\\/\\\/paysdeforbach.com\\\/de\\\/\",\"name\":\"OT Pays de Forbach\",\"description\":\"\",\"publisher\":{\"@id\":\"https:\\\/\\\/paysdeforbach.com\\\/de\\\/#organization\"},\"potentialAction\":[{\"@type\":\"SearchAction\",\"target\":{\"@type\":\"EntryPoint\",\"urlTemplate\":\"https:\\\/\\\/paysdeforbach.com\\\/de\\\/?s={search_term_string}\"},\"query-input\":{\"@type\":\"PropertyValueSpecification\",\"valueRequired\":true,\"valueName\":\"search_term_string\"}}],\"inLanguage\":\"de\"},{\"@type\":\"Organization\",\"@id\":\"https:\\\/\\\/paysdeforbach.com\\\/de\\\/#organization\",\"name\":\"OT Pays de Forbach\",\"url\":\"https:\\\/\\\/paysdeforbach.com\\\/de\\\/\",\"logo\":{\"@type\":\"ImageObject\",\"inLanguage\":\"de\",\"@id\":\"https:\\\/\\\/paysdeforbach.com\\\/de\\\/#\\\/schema\\\/logo\\\/image\\\/\",\"url\":\"https:\\\/\\\/paysdeforbach.com\\\/wp-content\\\/uploads\\\/2025\\\/09\\\/logo-forbach-1.webp\",\"contentUrl\":\"https:\\\/\\\/paysdeforbach.com\\\/wp-content\\\/uploads\\\/2025\\\/09\\\/logo-forbach-1.webp\",\"width\":196,\"height\":103,\"caption\":\"OT Pays de Forbach\"},\"image\":{\"@id\":\"https:\\\/\\\/paysdeforbach.com\\\/de\\\/#\\\/schema\\\/logo\\\/image\\\/\"}}]}<\/script>\n<!-- \/ Yoast SEO plugin. -->","yoast_head_json":{"title":"Soir\u00e9e Cin\u00e9-Ap\u00e9ro - THEDING","description":"Vorf\u00fchrung des Dokumentarfilms \u201eLa Th\u00e9orie du Boxeur\u201c, der sich mit den Herausforderungen befasst, denen die Landwirtscha...","robots":{"index":"index","follow":"follow","max-snippet":"max-snippet:-1","max-image-preview":"max-image-preview:large","max-video-preview":"max-video-preview:-1"},"canonical":"https:\/\/paysdeforbach.com\/de\/fiche-sit\/F1306007536_soiree-cine-apero-theding-de\/","og_locale":"de_DE","og_type":"article","og_title":"Soir\u00e9e Cin\u00e9-Ap\u00e9ro - THEDING","og_description":"Vorf\u00fchrung des Dokumentarfilms \u201eLa Th\u00e9orie du Boxeur\u201c, der sich mit den Herausforderungen befasst, denen die Landwirtscha...","og_url":"https:\/\/paysdeforbach.com\/de\/fiche-sit\/F1306007536_soiree-cine-apero-theding-de\/","og_site_name":"Office de Tourisme du Pays de Forbach","article_modified_time":"2026-09-05T06:00:26+00:00","twitter_card":"summary_large_image","twitter_misc":{"Gesch\u00e4tzte Lesezeit":"1\u00a0Minute"},"schema":{"@context":"https:\/\/schema.org","@graph":[{"@type":"WebPage","@id":"https:\/\/paysdeforbach.com\/de\/fiche-sit\/F1306007536_soiree-cine-apero-theding-de\/","url":"https:\/\/paysdeforbach.com\/de\/fiche-sit\/F1306007536_soiree-cine-apero-theding-de\/","name":"Soir\u00e9e Cin\u00e9-Ap\u00e9ro - THEDING","isPartOf":{"@id":"https:\/\/paysdeforbach.com\/de\/#website"},"datePublished":"-0001-11-30T00:00:00+00:00","dateModified":"2026-09-05T06:00:26+00:00","description":"Vorf\u00fchrung des Dokumentarfilms \u201eLa Th\u00e9orie du Boxeur\u201c, der sich mit den Herausforderungen befasst, denen die Landwirtscha...","breadcrumb":{"@id":"https:\/\/paysdeforbach.com\/de\/fiche-sit\/F1306007536_soiree-cine-apero-theding-de\/#breadcrumb"},"inLanguage":"de","potentialAction":[{"@type":"ReadAction","target":["https:\/\/paysdeforbach.com\/de\/fiche-sit\/F1306007536_soiree-cine-apero-theding-de\/"]}]},{"@type":"BreadcrumbList","@id":"https:\/\/paysdeforbach.com\/de\/fiche-sit\/F1306007536_soiree-cine-apero-theding-de\/#breadcrumb","itemListElement":[{"@type":"ListItem","position":1,"name":"Accueil","item":"https:\/\/paysdeforbach.com\/de\/"},{"@type":"ListItem","position":2,"name":"Touristisches Informationsblatt","item":"https:\/\/paysdeforbach.com\/de\/fiche-sit\/"},{"@type":"ListItem","position":3,"name":"Soir\u00e9e Cin\u00e9-Ap\u00e9ro"}]},{"@type":"WebSite","@id":"https:\/\/paysdeforbach.com\/de\/#website","url":"https:\/\/paysdeforbach.com\/de\/","name":"OT Pays de Forbach","description":"","publisher":{"@id":"https:\/\/paysdeforbach.com\/de\/#organization"},"potentialAction":[{"@type":"SearchAction","target":{"@type":"EntryPoint","urlTemplate":"https:\/\/paysdeforbach.com\/de\/?s={search_term_string}"},"query-input":{"@type":"PropertyValueSpecification","valueRequired":true,"valueName":"search_term_string"}}],"inLanguage":"de"},{"@type":"Organization","@id":"https:\/\/paysdeforbach.com\/de\/#organization","name":"OT Pays de Forbach","url":"https:\/\/paysdeforbach.com\/de\/","logo":{"@type":"ImageObject","inLanguage":"de","@id":"https:\/\/paysdeforbach.com\/de\/#\/schema\/logo\/image\/","url":"https:\/\/paysdeforbach.com\/wp-content\/uploads\/2025\/09\/logo-forbach-1.webp","contentUrl":"https:\/\/paysdeforbach.com\/wp-content\/uploads\/2025\/09\/logo-forbach-1.webp","width":196,"height":103,"caption":"OT Pays de Forbach"},"image":{"@id":"https:\/\/paysdeforbach.com\/de\/#\/schema\/logo\/image\/"}}]}},"_links":{"self":[{"href":"https:\/\/paysdeforbach.com\/de\/wp-json\/wp\/v2\/fiche_sit\/25802","targetHints":{"allow":["GET"]}}],"collection":[{"href":"https:\/\/paysdeforbach.com\/de\/wp-json\/wp\/v2\/fiche_sit"}],"about":[{"href":"https:\/\/paysdeforbach.com\/de\/wp-json\/wp\/v2\/types\/fiche_sit"}],"wp:attachment":[{"href":"https:\/\/paysdeforbach.com\/de\/wp-json\/wp\/v2\/media?parent=25802"}],"wp:term":[{"taxonomy":"rubrique_sit_primaire","embeddable":true,"href":"https:\/\/paysdeforbach.com\/de\/wp-json\/wp\/v2\/rubrique_sit_primaire?post=25802"}],"curies":[{"name":"wp","href":"https:\/\/api.w.org\/{rel}","templated":true}]}}

Soirée Ciné-Apéro

<p>Vorführung des Dokumentarfilms „La Théorie du Boxeur“, der sich mit den Herausforderungen befasst, denen die Landwirtschaft angesichts des Klimawandels gegenübersteht. Im Anschluss an die Vorführung findet eine von Chloé Lesage, Moderatorin für den ökologischen Wandel, geleitete Diskussionsrunde statt, um die Überlegungen zu den im Film angesprochenen Themen fortzusetzen. Im Anschluss an den Austausch gibt es einen Aperitif mit Quiches, Kuchen und anderen herzhaften Köstlichkeiten, um die Diskussionen in geselliger Atmosphäre fortzusetzen. Die Veranstaltung ist kostenlos (Getränke sind kostenpflichtig) und es wird ein Begrüßungsgetränk angeboten. Eine Online-Anmeldung über HelloAsso ist bis zum 21. September erforderlich.</p>

<p>Vorführung des Dokumentarfilms „La Théorie du Boxeur“, der sich mit den Herausforderungen befasst, denen die Landwirtschaft angesichts des Klimawandels gegenübersteht. Im Anschluss an die Vorführung findet eine von Chloé Lesage, Moderatorin für den ökologischen Wandel, geleitete Diskussionsrunde statt, um die Überlegungen zu den im Film angesprochenen Themen fortzusetzen. Im Anschluss an den Austausch gibt es [&hellip;]</p>

<!-- This site is optimized with the Yoast SEO plugin v27.7 - https://yoast.com/product/yoast-seo-wordpress/ -->
<title>Soirée Ciné-Apéro - THEDING</title>
<meta name="description" content="Vorführung des Dokumentarfilms „La Théorie du Boxeur“, der sich mit den Herausforderungen befasst, denen die Landwirtscha..." />
<meta name="robots" content="index, follow, max-snippet:-1, max-image-preview:large, max-video-preview:-1" />
<link rel="canonical" href="https://paysdeforbach.com/de/fiche-sit/F1306007536_soiree-cine-apero-theding-de/" />
<meta property="og:locale" content="de_DE" />
<meta property="og:type" content="article" />
<meta property="og:title" content="Soirée Ciné-Apéro - THEDING" />
<meta property="og:description" content="Vorführung des Dokumentarfilms „La Théorie du Boxeur“, der sich mit den Herausforderungen befasst, denen die Landwirtscha..." />
<meta property="og:url" content="https://paysdeforbach.com/de/fiche-sit/F1306007536_soiree-cine-apero-theding-de/" />
<meta property="og:site_name" content="Office de Tourisme du Pays de Forbach" />
<meta property="article:modified_time" content="2026-09-05T06:00:26+00:00" />
<meta name="twitter:card" content="summary_large_image" />
<meta name="twitter:label1" content="Geschätzte Lesezeit" />
	<meta name="twitter:data1" content="1 Minute" />
<script type="application/ld+json" class="yoast-schema-graph">{"@context":"https:\/\/schema.org","@graph":[{"@type":"WebPage","@id":"https:\/\/paysdeforbach.com\/de\/fiche-sit\/F1306007536_soiree-cine-apero-theding-de\/","url":"https:\/\/paysdeforbach.com\/de\/fiche-sit\/F1306007536_soiree-cine-apero-theding-de\/","name":"Soirée Ciné-Apéro - THEDING","isPartOf":{"@id":"https:\/\/paysdeforbach.com\/de\/#website"},"datePublished":"-0001-11-30T00:00:00+00:00","dateModified":"2026-09-05T06:00:26+00:00","description":"Vorführung des Dokumentarfilms „La Théorie du Boxeur“, der sich mit den Herausforderungen befasst, denen die Landwirtscha...","breadcrumb":{"@id":"https:\/\/paysdeforbach.com\/de\/fiche-sit\/F1306007536_soiree-cine-apero-theding-de\/#breadcrumb"},"inLanguage":"de","potentialAction":[{"@type":"ReadAction","target":["https:\/\/paysdeforbach.com\/de\/fiche-sit\/F1306007536_soiree-cine-apero-theding-de\/"]}]},{"@type":"BreadcrumbList","@id":"https:\/\/paysdeforbach.com\/de\/fiche-sit\/F1306007536_soiree-cine-apero-theding-de\/#breadcrumb","itemListElement":[{"@type":"ListItem","position":1,"name":"Accueil","item":"https:\/\/paysdeforbach.com\/de\/"},{"@type":"ListItem","position":2,"name":"Touristisches Informationsblatt","item":"https:\/\/paysdeforbach.com\/de\/fiche-sit\/"},{"@type":"ListItem","position":3,"name":"Soirée Ciné-Apéro"}]},{"@type":"WebSite","@id":"https:\/\/paysdeforbach.com\/de\/#website","url":"https:\/\/paysdeforbach.com\/de\/","name":"OT Pays de Forbach","description":"","publisher":{"@id":"https:\/\/paysdeforbach.com\/de\/#organization"},"potentialAction":[{"@type":"SearchAction","target":{"@type":"EntryPoint","urlTemplate":"https:\/\/paysdeforbach.com\/de\/?s={search_term_string}"},"query-input":{"@type":"PropertyValueSpecification","valueRequired":true,"valueName":"search_term_string"}}],"inLanguage":"de"},{"@type":"Organization","@id":"https:\/\/paysdeforbach.com\/de\/#organization","name":"OT Pays de Forbach","url":"https:\/\/paysdeforbach.com\/de\/","logo":{"@type":"ImageObject","inLanguage":"de","@id":"https:\/\/paysdeforbach.com\/de\/#\/schema\/logo\/image\/","url":"https:\/\/paysdeforbach.com\/wp-content\/uploads\/2025\/09\/logo-forbach-1.webp","contentUrl":"https:\/\/paysdeforbach.com\/wp-content\/uploads\/2025\/09\/logo-forbach-1.webp","width":196,"height":103,"caption":"OT Pays de Forbach"},"image":{"@id":"https:\/\/paysdeforbach.com\/de\/#\/schema\/logo\/image\/"}}]}</script>
<!-- / Yoast SEO plugin. -->

Soirée Ciné-Apéro - THEDING

Vorführung des Dokumentarfilms „La Théorie du Boxeur“, der sich mit den Herausforderungen befasst, denen die Landwirtscha...
