{"id":25830,"date":"-0001-11-30T00:00:00","date_gmt":"-0001-11-30T00:00:00","guid":{"rendered":""},"modified":"2026-09-05T05:50:23","modified_gmt":"2026-09-05T05:50:23","slug":"F1306005311_visite-du-chateau-adt-journees-europeennes-du-patrimoine-forbach-de","status":"publish","type":"fiche_sit","link":"https:\/\/paysdeforbach.com\/de\/fiche-sit\/F1306005311_visite-du-chateau-adt-journees-europeennes-du-patrimoine-forbach-de\/","title":{"rendered":"Visite du ch\u00e2teau Adt - Journ\u00e9es europ\u00e9ennes du patrimoine"},"content":{"rendered":"<p>Entdecken Sie die ehemalige B\u00fcrgerresidenz im Second-Empire-Stil, die 1850 erbaut wurde. Diese F\u00fchrung beleuchtet die Geschichte des Anwesens, von seiner Nutzung durch die Industriellenfamilie Adt bis hin zu seiner Umwandlung in ein Krankenhaus und sp\u00e4ter in das Konservatorium f\u00fcr Musik und Tanz von Forbach. F\u00fchrungen von 10:00 bis 12:00 Uhr und von 14:00 bis 16:00 Uhr. Kostenlose Anmeldung.<\/p>\n","protected":false},"excerpt":{"rendered":"<p>Entdecken Sie die ehemalige B\u00fcrgerresidenz im Second-Empire-Stil, die 1850 erbaut wurde. Diese F\u00fchrung beleuchtet die Geschichte des Anwesens, von seiner Nutzung durch die Industriellenfamilie Adt bis hin zu seiner Umwandlung in ein Krankenhaus und sp\u00e4ter in das Konservatorium f\u00fcr Musik und Tanz von Forbach. F\u00fchrungen von 10:00 bis 12:00 Uhr und von 14:00 bis 16:00 [&hellip;]<\/p>\n","protected":false},"featured_media":0,"template":"","rubrique_sit_primaire":[720,768,759],"class_list":["post-25830","fiche_sit","type-fiche_sit","status-publish","hentry","rubrique_sit_primaire-accueil-agenda","rubrique_sit_primaire-startseite-agenda","rubrique_sit_primaire-veranstaltungen"],"yoast_head":"<!-- This site is optimized with the Yoast SEO plugin v27.7 - https:\/\/yoast.com\/product\/yoast-seo-wordpress\/ -->\n<title>Visite du ch\u00e2teau Adt - Journ\u00e9es europ\u00e9ennes du patrimoine - FORBACH<\/title>\n<meta name=\"description\" content=\"Entdecken Sie die ehemalige B\u00fcrgerresidenz im Second-Empire-Stil, die 1850 erbaut wurde. Diese F\u00fchrung beleuchtet die Geschic...\" \/>\n<meta name=\"robots\" content=\"index, follow, max-snippet:-1, max-image-preview:large, max-video-preview:-1\" \/>\n<link rel=\"canonical\" href=\"https:\/\/paysdeforbach.com\/de\/fiche-sit\/F1306005311_visite-du-chateau-adt-journees-europeennes-du-patrimoine-forbach-de\/\" \/>\n<meta property=\"og:locale\" content=\"de_DE\" \/>\n<meta property=\"og:type\" content=\"article\" \/>\n<meta property=\"og:title\" content=\"Visite du ch\u00e2teau Adt - Journ\u00e9es europ\u00e9ennes du patrimoine - FORBACH\" \/>\n<meta property=\"og:description\" content=\"Entdecken Sie die ehemalige B\u00fcrgerresidenz im Second-Empire-Stil, die 1850 erbaut wurde. Diese F\u00fchrung beleuchtet die Geschic...\" \/>\n<meta property=\"og:url\" content=\"https:\/\/paysdeforbach.com\/de\/fiche-sit\/F1306005311_visite-du-chateau-adt-journees-europeennes-du-patrimoine-forbach-de\/\" \/>\n<meta property=\"og:site_name\" content=\"Office de Tourisme du Pays de Forbach\" \/>\n<meta property=\"article:modified_time\" content=\"2026-09-05T05:50:23+00:00\" \/>\n<meta name=\"twitter:card\" content=\"summary_large_image\" \/>\n<script type=\"application\/ld+json\" class=\"yoast-schema-graph\">{\"@context\":\"https:\\\/\\\/schema.org\",\"@graph\":[{\"@type\":\"WebPage\",\"@id\":\"https:\\\/\\\/paysdeforbach.com\\\/de\\\/fiche-sit\\\/F1306005311_visite-du-chateau-adt-journees-europeennes-du-patrimoine-forbach-de\\\/\",\"url\":\"https:\\\/\\\/paysdeforbach.com\\\/de\\\/fiche-sit\\\/F1306005311_visite-du-chateau-adt-journees-europeennes-du-patrimoine-forbach-de\\\/\",\"name\":\"Visite du ch\u00e2teau Adt - Journ\u00e9es europ\u00e9ennes du patrimoine - FORBACH\",\"isPartOf\":{\"@id\":\"https:\\\/\\\/paysdeforbach.com\\\/de\\\/#website\"},\"datePublished\":\"-0001-11-30T00:00:00+00:00\",\"dateModified\":\"2026-09-05T05:50:23+00:00\",\"description\":\"Entdecken Sie die ehemalige B\u00fcrgerresidenz im Second-Empire-Stil, die 1850 erbaut wurde. Diese F\u00fchrung beleuchtet die Geschic...\",\"breadcrumb\":{\"@id\":\"https:\\\/\\\/paysdeforbach.com\\\/de\\\/fiche-sit\\\/F1306005311_visite-du-chateau-adt-journees-europeennes-du-patrimoine-forbach-de\\\/#breadcrumb\"},\"inLanguage\":\"de\",\"potentialAction\":[{\"@type\":\"ReadAction\",\"target\":[\"https:\\\/\\\/paysdeforbach.com\\\/de\\\/fiche-sit\\\/F1306005311_visite-du-chateau-adt-journees-europeennes-du-patrimoine-forbach-de\\\/\"]}]},{\"@type\":\"BreadcrumbList\",\"@id\":\"https:\\\/\\\/paysdeforbach.com\\\/de\\\/fiche-sit\\\/F1306005311_visite-du-chateau-adt-journees-europeennes-du-patrimoine-forbach-de\\\/#breadcrumb\",\"itemListElement\":[{\"@type\":\"ListItem\",\"position\":1,\"name\":\"Accueil\",\"item\":\"https:\\\/\\\/paysdeforbach.com\\\/de\\\/\"},{\"@type\":\"ListItem\",\"position\":2,\"name\":\"Touristisches Informationsblatt\",\"item\":\"https:\\\/\\\/paysdeforbach.com\\\/de\\\/fiche-sit\\\/\"},{\"@type\":\"ListItem\",\"position\":3,\"name\":\"Visite du ch\u00e2teau Adt - Journ\u00e9es europ\u00e9ennes du patrimoine\"}]},{\"@type\":\"WebSite\",\"@id\":\"https:\\\/\\\/paysdeforbach.com\\\/de\\\/#website\",\"url\":\"https:\\\/\\\/paysdeforbach.com\\\/de\\\/\",\"name\":\"OT Pays de Forbach\",\"description\":\"\",\"publisher\":{\"@id\":\"https:\\\/\\\/paysdeforbach.com\\\/de\\\/#organization\"},\"potentialAction\":[{\"@type\":\"SearchAction\",\"target\":{\"@type\":\"EntryPoint\",\"urlTemplate\":\"https:\\\/\\\/paysdeforbach.com\\\/de\\\/?s={search_term_string}\"},\"query-input\":{\"@type\":\"PropertyValueSpecification\",\"valueRequired\":true,\"valueName\":\"search_term_string\"}}],\"inLanguage\":\"de\"},{\"@type\":\"Organization\",\"@id\":\"https:\\\/\\\/paysdeforbach.com\\\/de\\\/#organization\",\"name\":\"OT Pays de Forbach\",\"url\":\"https:\\\/\\\/paysdeforbach.com\\\/de\\\/\",\"logo\":{\"@type\":\"ImageObject\",\"inLanguage\":\"de\",\"@id\":\"https:\\\/\\\/paysdeforbach.com\\\/de\\\/#\\\/schema\\\/logo\\\/image\\\/\",\"url\":\"https:\\\/\\\/paysdeforbach.com\\\/wp-content\\\/uploads\\\/2025\\\/09\\\/logo-forbach-1.webp\",\"contentUrl\":\"https:\\\/\\\/paysdeforbach.com\\\/wp-content\\\/uploads\\\/2025\\\/09\\\/logo-forbach-1.webp\",\"width\":196,\"height\":103,\"caption\":\"OT Pays de Forbach\"},\"image\":{\"@id\":\"https:\\\/\\\/paysdeforbach.com\\\/de\\\/#\\\/schema\\\/logo\\\/image\\\/\"}}]}<\/script>\n<!-- \/ Yoast SEO plugin. -->","yoast_head_json":{"title":"Visite du ch\u00e2teau Adt - Journ\u00e9es europ\u00e9ennes du patrimoine - FORBACH","description":"Entdecken Sie die ehemalige B\u00fcrgerresidenz im Second-Empire-Stil, die 1850 erbaut wurde. Diese F\u00fchrung beleuchtet die Geschic...","robots":{"index":"index","follow":"follow","max-snippet":"max-snippet:-1","max-image-preview":"max-image-preview:large","max-video-preview":"max-video-preview:-1"},"canonical":"https:\/\/paysdeforbach.com\/de\/fiche-sit\/F1306005311_visite-du-chateau-adt-journees-europeennes-du-patrimoine-forbach-de\/","og_locale":"de_DE","og_type":"article","og_title":"Visite du ch\u00e2teau Adt - Journ\u00e9es europ\u00e9ennes du patrimoine - FORBACH","og_description":"Entdecken Sie die ehemalige B\u00fcrgerresidenz im Second-Empire-Stil, die 1850 erbaut wurde. Diese F\u00fchrung beleuchtet die Geschic...","og_url":"https:\/\/paysdeforbach.com\/de\/fiche-sit\/F1306005311_visite-du-chateau-adt-journees-europeennes-du-patrimoine-forbach-de\/","og_site_name":"Office de Tourisme du Pays de Forbach","article_modified_time":"2026-09-05T05:50:23+00:00","twitter_card":"summary_large_image","schema":{"@context":"https:\/\/schema.org","@graph":[{"@type":"WebPage","@id":"https:\/\/paysdeforbach.com\/de\/fiche-sit\/F1306005311_visite-du-chateau-adt-journees-europeennes-du-patrimoine-forbach-de\/","url":"https:\/\/paysdeforbach.com\/de\/fiche-sit\/F1306005311_visite-du-chateau-adt-journees-europeennes-du-patrimoine-forbach-de\/","name":"Visite du ch\u00e2teau Adt - Journ\u00e9es europ\u00e9ennes du patrimoine - FORBACH","isPartOf":{"@id":"https:\/\/paysdeforbach.com\/de\/#website"},"datePublished":"-0001-11-30T00:00:00+00:00","dateModified":"2026-09-05T05:50:23+00:00","description":"Entdecken Sie die ehemalige B\u00fcrgerresidenz im Second-Empire-Stil, die 1850 erbaut wurde. Diese F\u00fchrung beleuchtet die Geschic...","breadcrumb":{"@id":"https:\/\/paysdeforbach.com\/de\/fiche-sit\/F1306005311_visite-du-chateau-adt-journees-europeennes-du-patrimoine-forbach-de\/#breadcrumb"},"inLanguage":"de","potentialAction":[{"@type":"ReadAction","target":["https:\/\/paysdeforbach.com\/de\/fiche-sit\/F1306005311_visite-du-chateau-adt-journees-europeennes-du-patrimoine-forbach-de\/"]}]},{"@type":"BreadcrumbList","@id":"https:\/\/paysdeforbach.com\/de\/fiche-sit\/F1306005311_visite-du-chateau-adt-journees-europeennes-du-patrimoine-forbach-de\/#breadcrumb","itemListElement":[{"@type":"ListItem","position":1,"name":"Accueil","item":"https:\/\/paysdeforbach.com\/de\/"},{"@type":"ListItem","position":2,"name":"Touristisches Informationsblatt","item":"https:\/\/paysdeforbach.com\/de\/fiche-sit\/"},{"@type":"ListItem","position":3,"name":"Visite du ch\u00e2teau Adt - Journ\u00e9es europ\u00e9ennes du patrimoine"}]},{"@type":"WebSite","@id":"https:\/\/paysdeforbach.com\/de\/#website","url":"https:\/\/paysdeforbach.com\/de\/","name":"OT Pays de Forbach","description":"","publisher":{"@id":"https:\/\/paysdeforbach.com\/de\/#organization"},"potentialAction":[{"@type":"SearchAction","target":{"@type":"EntryPoint","urlTemplate":"https:\/\/paysdeforbach.com\/de\/?s={search_term_string}"},"query-input":{"@type":"PropertyValueSpecification","valueRequired":true,"valueName":"search_term_string"}}],"inLanguage":"de"},{"@type":"Organization","@id":"https:\/\/paysdeforbach.com\/de\/#organization","name":"OT Pays de Forbach","url":"https:\/\/paysdeforbach.com\/de\/","logo":{"@type":"ImageObject","inLanguage":"de","@id":"https:\/\/paysdeforbach.com\/de\/#\/schema\/logo\/image\/","url":"https:\/\/paysdeforbach.com\/wp-content\/uploads\/2025\/09\/logo-forbach-1.webp","contentUrl":"https:\/\/paysdeforbach.com\/wp-content\/uploads\/2025\/09\/logo-forbach-1.webp","width":196,"height":103,"caption":"OT Pays de Forbach"},"image":{"@id":"https:\/\/paysdeforbach.com\/de\/#\/schema\/logo\/image\/"}}]}},"_links":{"self":[{"href":"https:\/\/paysdeforbach.com\/de\/wp-json\/wp\/v2\/fiche_sit\/25830","targetHints":{"allow":["GET"]}}],"collection":[{"href":"https:\/\/paysdeforbach.com\/de\/wp-json\/wp\/v2\/fiche_sit"}],"about":[{"href":"https:\/\/paysdeforbach.com\/de\/wp-json\/wp\/v2\/types\/fiche_sit"}],"wp:attachment":[{"href":"https:\/\/paysdeforbach.com\/de\/wp-json\/wp\/v2\/media?parent=25830"}],"wp:term":[{"taxonomy":"rubrique_sit_primaire","embeddable":true,"href":"https:\/\/paysdeforbach.com\/de\/wp-json\/wp\/v2\/rubrique_sit_primaire?post=25830"}],"curies":[{"name":"wp","href":"https:\/\/api.w.org\/{rel}","templated":true}]}}

Visite du château Adt - Journées européennes du patrimoine

<p>Entdecken Sie die ehemalige Bürgerresidenz im Second-Empire-Stil, die 1850 erbaut wurde. Diese Führung beleuchtet die Geschichte des Anwesens, von seiner Nutzung durch die Industriellenfamilie Adt bis hin zu seiner Umwandlung in ein Krankenhaus und später in das Konservatorium für Musik und Tanz von Forbach. Führungen von 10:00 bis 12:00 Uhr und von 14:00 bis 16:00 Uhr. Kostenlose Anmeldung.</p>

<p>Entdecken Sie die ehemalige Bürgerresidenz im Second-Empire-Stil, die 1850 erbaut wurde. Diese Führung beleuchtet die Geschichte des Anwesens, von seiner Nutzung durch die Industriellenfamilie Adt bis hin zu seiner Umwandlung in ein Krankenhaus und später in das Konservatorium für Musik und Tanz von Forbach. Führungen von 10:00 bis 12:00 Uhr und von 14:00 bis 16:00 [&hellip;]</p>

<!-- This site is optimized with the Yoast SEO plugin v27.7 - https://yoast.com/product/yoast-seo-wordpress/ -->
<title>Visite du château Adt - Journées européennes du patrimoine - FORBACH</title>
<meta name="description" content="Entdecken Sie die ehemalige Bürgerresidenz im Second-Empire-Stil, die 1850 erbaut wurde. Diese Führung beleuchtet die Geschic..." />
<meta name="robots" content="index, follow, max-snippet:-1, max-image-preview:large, max-video-preview:-1" />
<link rel="canonical" href="https://paysdeforbach.com/de/fiche-sit/F1306005311_visite-du-chateau-adt-journees-europeennes-du-patrimoine-forbach-de/" />
<meta property="og:locale" content="de_DE" />
<meta property="og:type" content="article" />
<meta property="og:title" content="Visite du château Adt - Journées européennes du patrimoine - FORBACH" />
<meta property="og:description" content="Entdecken Sie die ehemalige Bürgerresidenz im Second-Empire-Stil, die 1850 erbaut wurde. Diese Führung beleuchtet die Geschic..." />
<meta property="og:url" content="https://paysdeforbach.com/de/fiche-sit/F1306005311_visite-du-chateau-adt-journees-europeennes-du-patrimoine-forbach-de/" />
<meta property="og:site_name" content="Office de Tourisme du Pays de Forbach" />
<meta property="article:modified_time" content="2026-09-05T05:50:23+00:00" />
<meta name="twitter:card" content="summary_large_image" />
<script type="application/ld+json" class="yoast-schema-graph">{"@context":"https:\/\/schema.org","@graph":[{"@type":"WebPage","@id":"https:\/\/paysdeforbach.com\/de\/fiche-sit\/F1306005311_visite-du-chateau-adt-journees-europeennes-du-patrimoine-forbach-de\/","url":"https:\/\/paysdeforbach.com\/de\/fiche-sit\/F1306005311_visite-du-chateau-adt-journees-europeennes-du-patrimoine-forbach-de\/","name":"Visite du château Adt - Journées européennes du patrimoine - FORBACH","isPartOf":{"@id":"https:\/\/paysdeforbach.com\/de\/#website"},"datePublished":"-0001-11-30T00:00:00+00:00","dateModified":"2026-09-05T05:50:23+00:00","description":"Entdecken Sie die ehemalige Bürgerresidenz im Second-Empire-Stil, die 1850 erbaut wurde. Diese Führung beleuchtet die Geschic...","breadcrumb":{"@id":"https:\/\/paysdeforbach.com\/de\/fiche-sit\/F1306005311_visite-du-chateau-adt-journees-europeennes-du-patrimoine-forbach-de\/#breadcrumb"},"inLanguage":"de","potentialAction":[{"@type":"ReadAction","target":["https:\/\/paysdeforbach.com\/de\/fiche-sit\/F1306005311_visite-du-chateau-adt-journees-europeennes-du-patrimoine-forbach-de\/"]}]},{"@type":"BreadcrumbList","@id":"https:\/\/paysdeforbach.com\/de\/fiche-sit\/F1306005311_visite-du-chateau-adt-journees-europeennes-du-patrimoine-forbach-de\/#breadcrumb","itemListElement":[{"@type":"ListItem","position":1,"name":"Accueil","item":"https:\/\/paysdeforbach.com\/de\/"},{"@type":"ListItem","position":2,"name":"Touristisches Informationsblatt","item":"https:\/\/paysdeforbach.com\/de\/fiche-sit\/"},{"@type":"ListItem","position":3,"name":"Visite du château Adt - Journées européennes du patrimoine"}]},{"@type":"WebSite","@id":"https:\/\/paysdeforbach.com\/de\/#website","url":"https:\/\/paysdeforbach.com\/de\/","name":"OT Pays de Forbach","description":"","publisher":{"@id":"https:\/\/paysdeforbach.com\/de\/#organization"},"potentialAction":[{"@type":"SearchAction","target":{"@type":"EntryPoint","urlTemplate":"https:\/\/paysdeforbach.com\/de\/?s={search_term_string}"},"query-input":{"@type":"PropertyValueSpecification","valueRequired":true,"valueName":"search_term_string"}}],"inLanguage":"de"},{"@type":"Organization","@id":"https:\/\/paysdeforbach.com\/de\/#organization","name":"OT Pays de Forbach","url":"https:\/\/paysdeforbach.com\/de\/","logo":{"@type":"ImageObject","inLanguage":"de","@id":"https:\/\/paysdeforbach.com\/de\/#\/schema\/logo\/image\/","url":"https:\/\/paysdeforbach.com\/wp-content\/uploads\/2025\/09\/logo-forbach-1.webp","contentUrl":"https:\/\/paysdeforbach.com\/wp-content\/uploads\/2025\/09\/logo-forbach-1.webp","width":196,"height":103,"caption":"OT Pays de Forbach"},"image":{"@id":"https:\/\/paysdeforbach.com\/de\/#\/schema\/logo\/image\/"}}]}</script>
<!-- / Yoast SEO plugin. -->

Visite du château Adt - Journées européennes du patrimoine - FORBACH

Entdecken Sie die ehemalige Bürgerresidenz im Second-Empire-Stil, die 1850 erbaut wurde. Diese Führung beleuchtet die Geschic...
