{"id":25832,"date":"-0001-11-30T00:00:00","date_gmt":"-0001-11-30T00:00:00","guid":{"rendered":""},"modified":"2026-09-03T19:40:25","modified_gmt":"2026-09-03T19:40:25","slug":"F1306006926_le-schlossberg-journees-europeennes-du-patrimoine-forbach-de","status":"publish","type":"fiche_sit","link":"https:\/\/paysdeforbach.com\/de\/fiche-sit\/F1306006926_le-schlossberg-journees-europeennes-du-patrimoine-forbach-de\/","title":{"rendered":"Le Schlossberg - Journ\u00e9es europ\u00e9ennes du patrimoine"},"content":{"rendered":"<p>Bei der freien Besichtigung des Schlosser-Turms k\u00f6nnen Sie den Rittersaal erkunden und \u00fcber eine Treppe mit 118 Stufen den achteckigen Turm aus dem Jahr 1891 bis auf eine H\u00f6he von 328 Metern erklimmen, um einen Panoramablick \u00fcber die gesamte Region zu genie\u00dfen.<\/p>\n","protected":false},"excerpt":{"rendered":"<p>Bei der freien Besichtigung des Schlosser-Turms k\u00f6nnen Sie den Rittersaal erkunden und \u00fcber eine Treppe mit 118 Stufen den achteckigen Turm aus dem Jahr 1891 bis auf eine H\u00f6he von 328 Metern erklimmen, um einen Panoramablick \u00fcber die gesamte Region zu genie\u00dfen.<\/p>\n","protected":false},"featured_media":0,"template":"","rubrique_sit_primaire":[720,768,759],"class_list":["post-25832","fiche_sit","type-fiche_sit","status-publish","hentry","rubrique_sit_primaire-accueil-agenda","rubrique_sit_primaire-startseite-agenda","rubrique_sit_primaire-veranstaltungen"],"yoast_head":"<!-- This site is optimized with the Yoast SEO plugin v27.7 - https:\/\/yoast.com\/product\/yoast-seo-wordpress\/ -->\n<title>Le Schlossberg - Journ\u00e9es europ\u00e9ennes du patrimoine - FORBACH<\/title>\n<meta name=\"description\" content=\"Bei der freien Besichtigung des Schlosser-Turms k\u00f6nnen Sie den Rittersaal erkunden und \u00fcber eine Treppe mit 118 Stufen den ac...\" \/>\n<meta name=\"robots\" content=\"index, follow, max-snippet:-1, max-image-preview:large, max-video-preview:-1\" \/>\n<link rel=\"canonical\" href=\"https:\/\/paysdeforbach.com\/de\/fiche-sit\/F1306006926_le-schlossberg-journees-europeennes-du-patrimoine-forbach-de\/\" \/>\n<meta property=\"og:locale\" content=\"de_DE\" \/>\n<meta property=\"og:type\" content=\"article\" \/>\n<meta property=\"og:title\" content=\"Le Schlossberg - Journ\u00e9es europ\u00e9ennes du patrimoine - FORBACH\" \/>\n<meta property=\"og:description\" content=\"Bei der freien Besichtigung des Schlosser-Turms k\u00f6nnen Sie den Rittersaal erkunden und \u00fcber eine Treppe mit 118 Stufen den ac...\" \/>\n<meta property=\"og:url\" content=\"https:\/\/paysdeforbach.com\/de\/fiche-sit\/F1306006926_le-schlossberg-journees-europeennes-du-patrimoine-forbach-de\/\" \/>\n<meta property=\"og:site_name\" content=\"Office de Tourisme du Pays de Forbach\" \/>\n<meta property=\"article:modified_time\" content=\"2026-09-03T19:40:25+00:00\" \/>\n<meta name=\"twitter:card\" content=\"summary_large_image\" \/>\n<script type=\"application\/ld+json\" class=\"yoast-schema-graph\">{\"@context\":\"https:\\\/\\\/schema.org\",\"@graph\":[{\"@type\":\"WebPage\",\"@id\":\"https:\\\/\\\/paysdeforbach.com\\\/de\\\/fiche-sit\\\/F1306006926_le-schlossberg-journees-europeennes-du-patrimoine-forbach-de\\\/\",\"url\":\"https:\\\/\\\/paysdeforbach.com\\\/de\\\/fiche-sit\\\/F1306006926_le-schlossberg-journees-europeennes-du-patrimoine-forbach-de\\\/\",\"name\":\"Le Schlossberg - Journ\u00e9es europ\u00e9ennes du patrimoine - FORBACH\",\"isPartOf\":{\"@id\":\"https:\\\/\\\/paysdeforbach.com\\\/de\\\/#website\"},\"datePublished\":\"-0001-11-30T00:00:00+00:00\",\"dateModified\":\"2026-09-03T19:40:25+00:00\",\"description\":\"Bei der freien Besichtigung des Schlosser-Turms k\u00f6nnen Sie den Rittersaal erkunden und \u00fcber eine Treppe mit 118 Stufen den ac...\",\"breadcrumb\":{\"@id\":\"https:\\\/\\\/paysdeforbach.com\\\/de\\\/fiche-sit\\\/F1306006926_le-schlossberg-journees-europeennes-du-patrimoine-forbach-de\\\/#breadcrumb\"},\"inLanguage\":\"de\",\"potentialAction\":[{\"@type\":\"ReadAction\",\"target\":[\"https:\\\/\\\/paysdeforbach.com\\\/de\\\/fiche-sit\\\/F1306006926_le-schlossberg-journees-europeennes-du-patrimoine-forbach-de\\\/\"]}]},{\"@type\":\"BreadcrumbList\",\"@id\":\"https:\\\/\\\/paysdeforbach.com\\\/de\\\/fiche-sit\\\/F1306006926_le-schlossberg-journees-europeennes-du-patrimoine-forbach-de\\\/#breadcrumb\",\"itemListElement\":[{\"@type\":\"ListItem\",\"position\":1,\"name\":\"Accueil\",\"item\":\"https:\\\/\\\/paysdeforbach.com\\\/de\\\/\"},{\"@type\":\"ListItem\",\"position\":2,\"name\":\"Touristisches Informationsblatt\",\"item\":\"https:\\\/\\\/paysdeforbach.com\\\/de\\\/fiche-sit\\\/\"},{\"@type\":\"ListItem\",\"position\":3,\"name\":\"Le Schlossberg - Journ\u00e9es europ\u00e9ennes du patrimoine\"}]},{\"@type\":\"WebSite\",\"@id\":\"https:\\\/\\\/paysdeforbach.com\\\/de\\\/#website\",\"url\":\"https:\\\/\\\/paysdeforbach.com\\\/de\\\/\",\"name\":\"OT Pays de Forbach\",\"description\":\"\",\"publisher\":{\"@id\":\"https:\\\/\\\/paysdeforbach.com\\\/de\\\/#organization\"},\"potentialAction\":[{\"@type\":\"SearchAction\",\"target\":{\"@type\":\"EntryPoint\",\"urlTemplate\":\"https:\\\/\\\/paysdeforbach.com\\\/de\\\/?s={search_term_string}\"},\"query-input\":{\"@type\":\"PropertyValueSpecification\",\"valueRequired\":true,\"valueName\":\"search_term_string\"}}],\"inLanguage\":\"de\"},{\"@type\":\"Organization\",\"@id\":\"https:\\\/\\\/paysdeforbach.com\\\/de\\\/#organization\",\"name\":\"OT Pays de Forbach\",\"url\":\"https:\\\/\\\/paysdeforbach.com\\\/de\\\/\",\"logo\":{\"@type\":\"ImageObject\",\"inLanguage\":\"de\",\"@id\":\"https:\\\/\\\/paysdeforbach.com\\\/de\\\/#\\\/schema\\\/logo\\\/image\\\/\",\"url\":\"https:\\\/\\\/paysdeforbach.com\\\/wp-content\\\/uploads\\\/2025\\\/09\\\/logo-forbach-1.webp\",\"contentUrl\":\"https:\\\/\\\/paysdeforbach.com\\\/wp-content\\\/uploads\\\/2025\\\/09\\\/logo-forbach-1.webp\",\"width\":196,\"height\":103,\"caption\":\"OT Pays de Forbach\"},\"image\":{\"@id\":\"https:\\\/\\\/paysdeforbach.com\\\/de\\\/#\\\/schema\\\/logo\\\/image\\\/\"}}]}<\/script>\n<!-- \/ Yoast SEO plugin. -->","yoast_head_json":{"title":"Le Schlossberg - Journ\u00e9es europ\u00e9ennes du patrimoine - FORBACH","description":"Bei der freien Besichtigung des Schlosser-Turms k\u00f6nnen Sie den Rittersaal erkunden und \u00fcber eine Treppe mit 118 Stufen den ac...","robots":{"index":"index","follow":"follow","max-snippet":"max-snippet:-1","max-image-preview":"max-image-preview:large","max-video-preview":"max-video-preview:-1"},"canonical":"https:\/\/paysdeforbach.com\/de\/fiche-sit\/F1306006926_le-schlossberg-journees-europeennes-du-patrimoine-forbach-de\/","og_locale":"de_DE","og_type":"article","og_title":"Le Schlossberg - Journ\u00e9es europ\u00e9ennes du patrimoine - FORBACH","og_description":"Bei der freien Besichtigung des Schlosser-Turms k\u00f6nnen Sie den Rittersaal erkunden und \u00fcber eine Treppe mit 118 Stufen den ac...","og_url":"https:\/\/paysdeforbach.com\/de\/fiche-sit\/F1306006926_le-schlossberg-journees-europeennes-du-patrimoine-forbach-de\/","og_site_name":"Office de Tourisme du Pays de Forbach","article_modified_time":"2026-09-03T19:40:25+00:00","twitter_card":"summary_large_image","schema":{"@context":"https:\/\/schema.org","@graph":[{"@type":"WebPage","@id":"https:\/\/paysdeforbach.com\/de\/fiche-sit\/F1306006926_le-schlossberg-journees-europeennes-du-patrimoine-forbach-de\/","url":"https:\/\/paysdeforbach.com\/de\/fiche-sit\/F1306006926_le-schlossberg-journees-europeennes-du-patrimoine-forbach-de\/","name":"Le Schlossberg - Journ\u00e9es europ\u00e9ennes du patrimoine - FORBACH","isPartOf":{"@id":"https:\/\/paysdeforbach.com\/de\/#website"},"datePublished":"-0001-11-30T00:00:00+00:00","dateModified":"2026-09-03T19:40:25+00:00","description":"Bei der freien Besichtigung des Schlosser-Turms k\u00f6nnen Sie den Rittersaal erkunden und \u00fcber eine Treppe mit 118 Stufen den ac...","breadcrumb":{"@id":"https:\/\/paysdeforbach.com\/de\/fiche-sit\/F1306006926_le-schlossberg-journees-europeennes-du-patrimoine-forbach-de\/#breadcrumb"},"inLanguage":"de","potentialAction":[{"@type":"ReadAction","target":["https:\/\/paysdeforbach.com\/de\/fiche-sit\/F1306006926_le-schlossberg-journees-europeennes-du-patrimoine-forbach-de\/"]}]},{"@type":"BreadcrumbList","@id":"https:\/\/paysdeforbach.com\/de\/fiche-sit\/F1306006926_le-schlossberg-journees-europeennes-du-patrimoine-forbach-de\/#breadcrumb","itemListElement":[{"@type":"ListItem","position":1,"name":"Accueil","item":"https:\/\/paysdeforbach.com\/de\/"},{"@type":"ListItem","position":2,"name":"Touristisches Informationsblatt","item":"https:\/\/paysdeforbach.com\/de\/fiche-sit\/"},{"@type":"ListItem","position":3,"name":"Le Schlossberg - Journ\u00e9es europ\u00e9ennes du patrimoine"}]},{"@type":"WebSite","@id":"https:\/\/paysdeforbach.com\/de\/#website","url":"https:\/\/paysdeforbach.com\/de\/","name":"OT Pays de Forbach","description":"","publisher":{"@id":"https:\/\/paysdeforbach.com\/de\/#organization"},"potentialAction":[{"@type":"SearchAction","target":{"@type":"EntryPoint","urlTemplate":"https:\/\/paysdeforbach.com\/de\/?s={search_term_string}"},"query-input":{"@type":"PropertyValueSpecification","valueRequired":true,"valueName":"search_term_string"}}],"inLanguage":"de"},{"@type":"Organization","@id":"https:\/\/paysdeforbach.com\/de\/#organization","name":"OT Pays de Forbach","url":"https:\/\/paysdeforbach.com\/de\/","logo":{"@type":"ImageObject","inLanguage":"de","@id":"https:\/\/paysdeforbach.com\/de\/#\/schema\/logo\/image\/","url":"https:\/\/paysdeforbach.com\/wp-content\/uploads\/2025\/09\/logo-forbach-1.webp","contentUrl":"https:\/\/paysdeforbach.com\/wp-content\/uploads\/2025\/09\/logo-forbach-1.webp","width":196,"height":103,"caption":"OT Pays de Forbach"},"image":{"@id":"https:\/\/paysdeforbach.com\/de\/#\/schema\/logo\/image\/"}}]}},"_links":{"self":[{"href":"https:\/\/paysdeforbach.com\/de\/wp-json\/wp\/v2\/fiche_sit\/25832","targetHints":{"allow":["GET"]}}],"collection":[{"href":"https:\/\/paysdeforbach.com\/de\/wp-json\/wp\/v2\/fiche_sit"}],"about":[{"href":"https:\/\/paysdeforbach.com\/de\/wp-json\/wp\/v2\/types\/fiche_sit"}],"wp:attachment":[{"href":"https:\/\/paysdeforbach.com\/de\/wp-json\/wp\/v2\/media?parent=25832"}],"wp:term":[{"taxonomy":"rubrique_sit_primaire","embeddable":true,"href":"https:\/\/paysdeforbach.com\/de\/wp-json\/wp\/v2\/rubrique_sit_primaire?post=25832"}],"curies":[{"name":"wp","href":"https:\/\/api.w.org\/{rel}","templated":true}]}}

Le Schlossberg - Journées européennes du patrimoine

<p>Bei der freien Besichtigung des Schlosser-Turms können Sie den Rittersaal erkunden und über eine Treppe mit 118 Stufen den achteckigen Turm aus dem Jahr 1891 bis auf eine Höhe von 328 Metern erklimmen, um einen Panoramablick über die gesamte Region zu genießen.</p>

<!-- This site is optimized with the Yoast SEO plugin v27.7 - https://yoast.com/product/yoast-seo-wordpress/ -->
<title>Le Schlossberg - Journées européennes du patrimoine - FORBACH</title>
<meta name="description" content="Bei der freien Besichtigung des Schlosser-Turms können Sie den Rittersaal erkunden und über eine Treppe mit 118 Stufen den ac..." />
<meta name="robots" content="index, follow, max-snippet:-1, max-image-preview:large, max-video-preview:-1" />
<link rel="canonical" href="https://paysdeforbach.com/de/fiche-sit/F1306006926_le-schlossberg-journees-europeennes-du-patrimoine-forbach-de/" />
<meta property="og:locale" content="de_DE" />
<meta property="og:type" content="article" />
<meta property="og:title" content="Le Schlossberg - Journées européennes du patrimoine - FORBACH" />
<meta property="og:description" content="Bei der freien Besichtigung des Schlosser-Turms können Sie den Rittersaal erkunden und über eine Treppe mit 118 Stufen den ac..." />
<meta property="og:url" content="https://paysdeforbach.com/de/fiche-sit/F1306006926_le-schlossberg-journees-europeennes-du-patrimoine-forbach-de/" />
<meta property="og:site_name" content="Office de Tourisme du Pays de Forbach" />
<meta property="article:modified_time" content="2026-09-03T19:40:25+00:00" />
<meta name="twitter:card" content="summary_large_image" />
<script type="application/ld+json" class="yoast-schema-graph">{"@context":"https:\/\/schema.org","@graph":[{"@type":"WebPage","@id":"https:\/\/paysdeforbach.com\/de\/fiche-sit\/F1306006926_le-schlossberg-journees-europeennes-du-patrimoine-forbach-de\/","url":"https:\/\/paysdeforbach.com\/de\/fiche-sit\/F1306006926_le-schlossberg-journees-europeennes-du-patrimoine-forbach-de\/","name":"Le Schlossberg - Journées européennes du patrimoine - FORBACH","isPartOf":{"@id":"https:\/\/paysdeforbach.com\/de\/#website"},"datePublished":"-0001-11-30T00:00:00+00:00","dateModified":"2026-09-03T19:40:25+00:00","description":"Bei der freien Besichtigung des Schlosser-Turms können Sie den Rittersaal erkunden und über eine Treppe mit 118 Stufen den ac...","breadcrumb":{"@id":"https:\/\/paysdeforbach.com\/de\/fiche-sit\/F1306006926_le-schlossberg-journees-europeennes-du-patrimoine-forbach-de\/#breadcrumb"},"inLanguage":"de","potentialAction":[{"@type":"ReadAction","target":["https:\/\/paysdeforbach.com\/de\/fiche-sit\/F1306006926_le-schlossberg-journees-europeennes-du-patrimoine-forbach-de\/"]}]},{"@type":"BreadcrumbList","@id":"https:\/\/paysdeforbach.com\/de\/fiche-sit\/F1306006926_le-schlossberg-journees-europeennes-du-patrimoine-forbach-de\/#breadcrumb","itemListElement":[{"@type":"ListItem","position":1,"name":"Accueil","item":"https:\/\/paysdeforbach.com\/de\/"},{"@type":"ListItem","position":2,"name":"Touristisches Informationsblatt","item":"https:\/\/paysdeforbach.com\/de\/fiche-sit\/"},{"@type":"ListItem","position":3,"name":"Le Schlossberg - Journées européennes du patrimoine"}]},{"@type":"WebSite","@id":"https:\/\/paysdeforbach.com\/de\/#website","url":"https:\/\/paysdeforbach.com\/de\/","name":"OT Pays de Forbach","description":"","publisher":{"@id":"https:\/\/paysdeforbach.com\/de\/#organization"},"potentialAction":[{"@type":"SearchAction","target":{"@type":"EntryPoint","urlTemplate":"https:\/\/paysdeforbach.com\/de\/?s={search_term_string}"},"query-input":{"@type":"PropertyValueSpecification","valueRequired":true,"valueName":"search_term_string"}}],"inLanguage":"de"},{"@type":"Organization","@id":"https:\/\/paysdeforbach.com\/de\/#organization","name":"OT Pays de Forbach","url":"https:\/\/paysdeforbach.com\/de\/","logo":{"@type":"ImageObject","inLanguage":"de","@id":"https:\/\/paysdeforbach.com\/de\/#\/schema\/logo\/image\/","url":"https:\/\/paysdeforbach.com\/wp-content\/uploads\/2025\/09\/logo-forbach-1.webp","contentUrl":"https:\/\/paysdeforbach.com\/wp-content\/uploads\/2025\/09\/logo-forbach-1.webp","width":196,"height":103,"caption":"OT Pays de Forbach"},"image":{"@id":"https:\/\/paysdeforbach.com\/de\/#\/schema\/logo\/image\/"}}]}</script>
<!-- / Yoast SEO plugin. -->

Le Schlossberg - Journées européennes du patrimoine - FORBACH

Bei der freien Besichtigung des Schlosser-Turms können Sie den Rittersaal erkunden und über eine Treppe mit 118 Stufen den ac...
