{"id":25853,"date":"-0001-11-30T00:00:00","date_gmt":"-0001-11-30T00:00:00","guid":{"rendered":""},"modified":"2026-09-06T08:00:42","modified_gmt":"2026-09-06T08:00:42","slug":"F1306007552_salon-de-lautonomie-petite-rosselle-de","status":"publish","type":"fiche_sit","link":"https:\/\/paysdeforbach.com\/de\/fiche-sit\/F1306007552_salon-de-lautonomie-petite-rosselle-de\/","title":{"rendered":"Salon de l'autonomie"},"content":{"rendered":"<p>Haben Sie Fragen dazu, wie Sie Ihr Leben zu Hause verbessern, Ihre Mobilit\u00e4t erleichtern oder einen Angeh\u00f6rigen im Alltag unterst\u00fctzen k\u00f6nnen?<\/p>\n<p>Auf der Messe \u201eSalon de l\u2019Autonomie\u201c kommen zahlreiche Fachleute zusammen, um Ihnen die in unserer Region verf\u00fcgbaren L\u00f6sungen und Dienstleistungen vorzustellen. Sie k\u00f6nnen sich direkt mit ihnen austauschen, individuelle Beratung erhalten und konkrete Informationen mitnehmen.<\/p>\n<p>Mittwoch, 23. September 2026<br \/>\nVon 9 bis 18 Uhr<br \/>\nEspace La Concorde in Petite-Rosselle<br \/>\nEintritt frei<\/p>\n<p>Senioren, Angeh\u00f6rige und Pflegekr\u00e4fte: Kommen Sie vorbei, stellen Sie Ihre Fragen und entdecken Sie L\u00f6sungen, die den Alltag wirklich erleichtern k\u00f6nnen.<\/p>\n","protected":false},"excerpt":{"rendered":"<p>Haben Sie Fragen dazu, wie Sie Ihr Leben zu Hause verbessern, Ihre Mobilit\u00e4t erleichtern oder einen Angeh\u00f6rigen im Alltag unterst\u00fctzen k\u00f6nnen? Auf der Messe \u201eSalon de l\u2019Autonomie\u201c kommen zahlreiche Fachleute zusammen, um Ihnen die in unserer Region verf\u00fcgbaren L\u00f6sungen und Dienstleistungen vorzustellen. Sie k\u00f6nnen sich direkt mit ihnen austauschen, individuelle Beratung erhalten und konkrete Informationen [&hellip;]<\/p>\n","protected":false},"featured_media":0,"template":"","rubrique_sit_primaire":[720,768,759],"class_list":["post-25853","fiche_sit","type-fiche_sit","status-publish","hentry","rubrique_sit_primaire-accueil-agenda","rubrique_sit_primaire-startseite-agenda","rubrique_sit_primaire-veranstaltungen"],"yoast_head":"<!-- This site is optimized with the Yoast SEO plugin v27.7 - https:\/\/yoast.com\/product\/yoast-seo-wordpress\/ -->\n<title>Salon de l&#039;autonomie - PETITE ROSSELLE<\/title>\n<meta name=\"description\" content=\"Haben Sie Fragen dazu, wie Sie Ihr Leben zu Hause verbessern, Ihre Mobilit\u00e4t erleichtern oder einen Angeh\u00f6rigen im Alltag unt...\" \/>\n<meta name=\"robots\" content=\"index, follow, max-snippet:-1, max-image-preview:large, max-video-preview:-1\" \/>\n<link rel=\"canonical\" href=\"https:\/\/paysdeforbach.com\/de\/fiche-sit\/F1306007552_salon-de-lautonomie-petite-rosselle-de\/\" \/>\n<meta property=\"og:locale\" content=\"de_DE\" \/>\n<meta property=\"og:type\" content=\"article\" \/>\n<meta property=\"og:title\" content=\"Salon de l&#039;autonomie - PETITE ROSSELLE\" \/>\n<meta property=\"og:description\" content=\"Haben Sie Fragen dazu, wie Sie Ihr Leben zu Hause verbessern, Ihre Mobilit\u00e4t erleichtern oder einen Angeh\u00f6rigen im Alltag unt...\" \/>\n<meta property=\"og:url\" content=\"https:\/\/paysdeforbach.com\/de\/fiche-sit\/F1306007552_salon-de-lautonomie-petite-rosselle-de\/\" \/>\n<meta property=\"og:site_name\" content=\"Office de Tourisme du Pays de Forbach\" \/>\n<meta property=\"article:modified_time\" content=\"2026-09-06T08:00:42+00:00\" \/>\n<meta name=\"twitter:card\" content=\"summary_large_image\" \/>\n<meta name=\"twitter:label1\" content=\"Gesch\u00e4tzte Lesezeit\" \/>\n\t<meta name=\"twitter:data1\" content=\"1\u00a0Minute\" \/>\n<script type=\"application\/ld+json\" class=\"yoast-schema-graph\">{\"@context\":\"https:\\\/\\\/schema.org\",\"@graph\":[{\"@type\":\"WebPage\",\"@id\":\"https:\\\/\\\/paysdeforbach.com\\\/de\\\/fiche-sit\\\/F1306007552_salon-de-lautonomie-petite-rosselle-de\\\/\",\"url\":\"https:\\\/\\\/paysdeforbach.com\\\/de\\\/fiche-sit\\\/F1306007552_salon-de-lautonomie-petite-rosselle-de\\\/\",\"name\":\"Salon de l'autonomie - PETITE ROSSELLE\",\"isPartOf\":{\"@id\":\"https:\\\/\\\/paysdeforbach.com\\\/de\\\/#website\"},\"datePublished\":\"-0001-11-30T00:00:00+00:00\",\"dateModified\":\"2026-09-06T08:00:42+00:00\",\"description\":\"Haben Sie Fragen dazu, wie Sie Ihr Leben zu Hause verbessern, Ihre Mobilit\u00e4t erleichtern oder einen Angeh\u00f6rigen im Alltag unt...\",\"breadcrumb\":{\"@id\":\"https:\\\/\\\/paysdeforbach.com\\\/de\\\/fiche-sit\\\/F1306007552_salon-de-lautonomie-petite-rosselle-de\\\/#breadcrumb\"},\"inLanguage\":\"de\",\"potentialAction\":[{\"@type\":\"ReadAction\",\"target\":[\"https:\\\/\\\/paysdeforbach.com\\\/de\\\/fiche-sit\\\/F1306007552_salon-de-lautonomie-petite-rosselle-de\\\/\"]}]},{\"@type\":\"BreadcrumbList\",\"@id\":\"https:\\\/\\\/paysdeforbach.com\\\/de\\\/fiche-sit\\\/F1306007552_salon-de-lautonomie-petite-rosselle-de\\\/#breadcrumb\",\"itemListElement\":[{\"@type\":\"ListItem\",\"position\":1,\"name\":\"Accueil\",\"item\":\"https:\\\/\\\/paysdeforbach.com\\\/de\\\/\"},{\"@type\":\"ListItem\",\"position\":2,\"name\":\"Touristisches Informationsblatt\",\"item\":\"https:\\\/\\\/paysdeforbach.com\\\/de\\\/fiche-sit\\\/\"},{\"@type\":\"ListItem\",\"position\":3,\"name\":\"Salon de l'autonomie\"}]},{\"@type\":\"WebSite\",\"@id\":\"https:\\\/\\\/paysdeforbach.com\\\/de\\\/#website\",\"url\":\"https:\\\/\\\/paysdeforbach.com\\\/de\\\/\",\"name\":\"OT Pays de Forbach\",\"description\":\"\",\"publisher\":{\"@id\":\"https:\\\/\\\/paysdeforbach.com\\\/de\\\/#organization\"},\"potentialAction\":[{\"@type\":\"SearchAction\",\"target\":{\"@type\":\"EntryPoint\",\"urlTemplate\":\"https:\\\/\\\/paysdeforbach.com\\\/de\\\/?s={search_term_string}\"},\"query-input\":{\"@type\":\"PropertyValueSpecification\",\"valueRequired\":true,\"valueName\":\"search_term_string\"}}],\"inLanguage\":\"de\"},{\"@type\":\"Organization\",\"@id\":\"https:\\\/\\\/paysdeforbach.com\\\/de\\\/#organization\",\"name\":\"OT Pays de Forbach\",\"url\":\"https:\\\/\\\/paysdeforbach.com\\\/de\\\/\",\"logo\":{\"@type\":\"ImageObject\",\"inLanguage\":\"de\",\"@id\":\"https:\\\/\\\/paysdeforbach.com\\\/de\\\/#\\\/schema\\\/logo\\\/image\\\/\",\"url\":\"https:\\\/\\\/paysdeforbach.com\\\/wp-content\\\/uploads\\\/2025\\\/09\\\/logo-forbach-1.webp\",\"contentUrl\":\"https:\\\/\\\/paysdeforbach.com\\\/wp-content\\\/uploads\\\/2025\\\/09\\\/logo-forbach-1.webp\",\"width\":196,\"height\":103,\"caption\":\"OT Pays de Forbach\"},\"image\":{\"@id\":\"https:\\\/\\\/paysdeforbach.com\\\/de\\\/#\\\/schema\\\/logo\\\/image\\\/\"}}]}<\/script>\n<!-- \/ Yoast SEO plugin. -->","yoast_head_json":{"title":"Salon de l'autonomie - PETITE ROSSELLE","description":"Haben Sie Fragen dazu, wie Sie Ihr Leben zu Hause verbessern, Ihre Mobilit\u00e4t erleichtern oder einen Angeh\u00f6rigen im Alltag unt...","robots":{"index":"index","follow":"follow","max-snippet":"max-snippet:-1","max-image-preview":"max-image-preview:large","max-video-preview":"max-video-preview:-1"},"canonical":"https:\/\/paysdeforbach.com\/de\/fiche-sit\/F1306007552_salon-de-lautonomie-petite-rosselle-de\/","og_locale":"de_DE","og_type":"article","og_title":"Salon de l'autonomie - PETITE ROSSELLE","og_description":"Haben Sie Fragen dazu, wie Sie Ihr Leben zu Hause verbessern, Ihre Mobilit\u00e4t erleichtern oder einen Angeh\u00f6rigen im Alltag unt...","og_url":"https:\/\/paysdeforbach.com\/de\/fiche-sit\/F1306007552_salon-de-lautonomie-petite-rosselle-de\/","og_site_name":"Office de Tourisme du Pays de Forbach","article_modified_time":"2026-09-06T08:00:42+00:00","twitter_card":"summary_large_image","twitter_misc":{"Gesch\u00e4tzte Lesezeit":"1\u00a0Minute"},"schema":{"@context":"https:\/\/schema.org","@graph":[{"@type":"WebPage","@id":"https:\/\/paysdeforbach.com\/de\/fiche-sit\/F1306007552_salon-de-lautonomie-petite-rosselle-de\/","url":"https:\/\/paysdeforbach.com\/de\/fiche-sit\/F1306007552_salon-de-lautonomie-petite-rosselle-de\/","name":"Salon de l'autonomie - PETITE ROSSELLE","isPartOf":{"@id":"https:\/\/paysdeforbach.com\/de\/#website"},"datePublished":"-0001-11-30T00:00:00+00:00","dateModified":"2026-09-06T08:00:42+00:00","description":"Haben Sie Fragen dazu, wie Sie Ihr Leben zu Hause verbessern, Ihre Mobilit\u00e4t erleichtern oder einen Angeh\u00f6rigen im Alltag unt...","breadcrumb":{"@id":"https:\/\/paysdeforbach.com\/de\/fiche-sit\/F1306007552_salon-de-lautonomie-petite-rosselle-de\/#breadcrumb"},"inLanguage":"de","potentialAction":[{"@type":"ReadAction","target":["https:\/\/paysdeforbach.com\/de\/fiche-sit\/F1306007552_salon-de-lautonomie-petite-rosselle-de\/"]}]},{"@type":"BreadcrumbList","@id":"https:\/\/paysdeforbach.com\/de\/fiche-sit\/F1306007552_salon-de-lautonomie-petite-rosselle-de\/#breadcrumb","itemListElement":[{"@type":"ListItem","position":1,"name":"Accueil","item":"https:\/\/paysdeforbach.com\/de\/"},{"@type":"ListItem","position":2,"name":"Touristisches Informationsblatt","item":"https:\/\/paysdeforbach.com\/de\/fiche-sit\/"},{"@type":"ListItem","position":3,"name":"Salon de l'autonomie"}]},{"@type":"WebSite","@id":"https:\/\/paysdeforbach.com\/de\/#website","url":"https:\/\/paysdeforbach.com\/de\/","name":"OT Pays de Forbach","description":"","publisher":{"@id":"https:\/\/paysdeforbach.com\/de\/#organization"},"potentialAction":[{"@type":"SearchAction","target":{"@type":"EntryPoint","urlTemplate":"https:\/\/paysdeforbach.com\/de\/?s={search_term_string}"},"query-input":{"@type":"PropertyValueSpecification","valueRequired":true,"valueName":"search_term_string"}}],"inLanguage":"de"},{"@type":"Organization","@id":"https:\/\/paysdeforbach.com\/de\/#organization","name":"OT Pays de Forbach","url":"https:\/\/paysdeforbach.com\/de\/","logo":{"@type":"ImageObject","inLanguage":"de","@id":"https:\/\/paysdeforbach.com\/de\/#\/schema\/logo\/image\/","url":"https:\/\/paysdeforbach.com\/wp-content\/uploads\/2025\/09\/logo-forbach-1.webp","contentUrl":"https:\/\/paysdeforbach.com\/wp-content\/uploads\/2025\/09\/logo-forbach-1.webp","width":196,"height":103,"caption":"OT Pays de Forbach"},"image":{"@id":"https:\/\/paysdeforbach.com\/de\/#\/schema\/logo\/image\/"}}]}},"_links":{"self":[{"href":"https:\/\/paysdeforbach.com\/de\/wp-json\/wp\/v2\/fiche_sit\/25853","targetHints":{"allow":["GET"]}}],"collection":[{"href":"https:\/\/paysdeforbach.com\/de\/wp-json\/wp\/v2\/fiche_sit"}],"about":[{"href":"https:\/\/paysdeforbach.com\/de\/wp-json\/wp\/v2\/types\/fiche_sit"}],"wp:attachment":[{"href":"https:\/\/paysdeforbach.com\/de\/wp-json\/wp\/v2\/media?parent=25853"}],"wp:term":[{"taxonomy":"rubrique_sit_primaire","embeddable":true,"href":"https:\/\/paysdeforbach.com\/de\/wp-json\/wp\/v2\/rubrique_sit_primaire?post=25853"}],"curies":[{"name":"wp","href":"https:\/\/api.w.org\/{rel}","templated":true}]}}

<p>Haben Sie Fragen dazu, wie Sie Ihr Leben zu Hause verbessern, Ihre Mobilität erleichtern oder einen Angehörigen im Alltag unterstützen können?</p>
<p>Auf der Messe „Salon de l’Autonomie“ kommen zahlreiche Fachleute zusammen, um Ihnen die in unserer Region verfügbaren Lösungen und Dienstleistungen vorzustellen. Sie können sich direkt mit ihnen austauschen, individuelle Beratung erhalten und konkrete Informationen mitnehmen.</p>
<p>Mittwoch, 23. September 2026<br />
Von 9 bis 18 Uhr<br />
Espace La Concorde in Petite-Rosselle<br />
Eintritt frei</p>
<p>Senioren, Angehörige und Pflegekräfte: Kommen Sie vorbei, stellen Sie Ihre Fragen und entdecken Sie Lösungen, die den Alltag wirklich erleichtern können.</p>

<p>Haben Sie Fragen dazu, wie Sie Ihr Leben zu Hause verbessern, Ihre Mobilität erleichtern oder einen Angehörigen im Alltag unterstützen können? Auf der Messe „Salon de l’Autonomie“ kommen zahlreiche Fachleute zusammen, um Ihnen die in unserer Region verfügbaren Lösungen und Dienstleistungen vorzustellen. Sie können sich direkt mit ihnen austauschen, individuelle Beratung erhalten und konkrete Informationen [&hellip;]</p>

<!-- This site is optimized with the Yoast SEO plugin v27.7 - https://yoast.com/product/yoast-seo-wordpress/ -->
<title>Salon de l&#039;autonomie - PETITE ROSSELLE</title>
<meta name="description" content="Haben Sie Fragen dazu, wie Sie Ihr Leben zu Hause verbessern, Ihre Mobilität erleichtern oder einen Angehörigen im Alltag unt..." />
<meta name="robots" content="index, follow, max-snippet:-1, max-image-preview:large, max-video-preview:-1" />
<link rel="canonical" href="https://paysdeforbach.com/de/fiche-sit/F1306007552_salon-de-lautonomie-petite-rosselle-de/" />
<meta property="og:locale" content="de_DE" />
<meta property="og:type" content="article" />
<meta property="og:title" content="Salon de l&#039;autonomie - PETITE ROSSELLE" />
<meta property="og:description" content="Haben Sie Fragen dazu, wie Sie Ihr Leben zu Hause verbessern, Ihre Mobilität erleichtern oder einen Angehörigen im Alltag unt..." />
<meta property="og:url" content="https://paysdeforbach.com/de/fiche-sit/F1306007552_salon-de-lautonomie-petite-rosselle-de/" />
<meta property="og:site_name" content="Office de Tourisme du Pays de Forbach" />
<meta property="article:modified_time" content="2026-09-06T08:00:42+00:00" />
<meta name="twitter:card" content="summary_large_image" />
<meta name="twitter:label1" content="Geschätzte Lesezeit" />
	<meta name="twitter:data1" content="1 Minute" />
<script type="application/ld+json" class="yoast-schema-graph">{"@context":"https:\/\/schema.org","@graph":[{"@type":"WebPage","@id":"https:\/\/paysdeforbach.com\/de\/fiche-sit\/F1306007552_salon-de-lautonomie-petite-rosselle-de\/","url":"https:\/\/paysdeforbach.com\/de\/fiche-sit\/F1306007552_salon-de-lautonomie-petite-rosselle-de\/","name":"Salon de l'autonomie - PETITE ROSSELLE","isPartOf":{"@id":"https:\/\/paysdeforbach.com\/de\/#website"},"datePublished":"-0001-11-30T00:00:00+00:00","dateModified":"2026-09-06T08:00:42+00:00","description":"Haben Sie Fragen dazu, wie Sie Ihr Leben zu Hause verbessern, Ihre Mobilität erleichtern oder einen Angehörigen im Alltag unt...","breadcrumb":{"@id":"https:\/\/paysdeforbach.com\/de\/fiche-sit\/F1306007552_salon-de-lautonomie-petite-rosselle-de\/#breadcrumb"},"inLanguage":"de","potentialAction":[{"@type":"ReadAction","target":["https:\/\/paysdeforbach.com\/de\/fiche-sit\/F1306007552_salon-de-lautonomie-petite-rosselle-de\/"]}]},{"@type":"BreadcrumbList","@id":"https:\/\/paysdeforbach.com\/de\/fiche-sit\/F1306007552_salon-de-lautonomie-petite-rosselle-de\/#breadcrumb","itemListElement":[{"@type":"ListItem","position":1,"name":"Accueil","item":"https:\/\/paysdeforbach.com\/de\/"},{"@type":"ListItem","position":2,"name":"Touristisches Informationsblatt","item":"https:\/\/paysdeforbach.com\/de\/fiche-sit\/"},{"@type":"ListItem","position":3,"name":"Salon de l'autonomie"}]},{"@type":"WebSite","@id":"https:\/\/paysdeforbach.com\/de\/#website","url":"https:\/\/paysdeforbach.com\/de\/","name":"OT Pays de Forbach","description":"","publisher":{"@id":"https:\/\/paysdeforbach.com\/de\/#organization"},"potentialAction":[{"@type":"SearchAction","target":{"@type":"EntryPoint","urlTemplate":"https:\/\/paysdeforbach.com\/de\/?s={search_term_string}"},"query-input":{"@type":"PropertyValueSpecification","valueRequired":true,"valueName":"search_term_string"}}],"inLanguage":"de"},{"@type":"Organization","@id":"https:\/\/paysdeforbach.com\/de\/#organization","name":"OT Pays de Forbach","url":"https:\/\/paysdeforbach.com\/de\/","logo":{"@type":"ImageObject","inLanguage":"de","@id":"https:\/\/paysdeforbach.com\/de\/#\/schema\/logo\/image\/","url":"https:\/\/paysdeforbach.com\/wp-content\/uploads\/2025\/09\/logo-forbach-1.webp","contentUrl":"https:\/\/paysdeforbach.com\/wp-content\/uploads\/2025\/09\/logo-forbach-1.webp","width":196,"height":103,"caption":"OT Pays de Forbach"},"image":{"@id":"https:\/\/paysdeforbach.com\/de\/#\/schema\/logo\/image\/"}}]}</script>
<!-- / Yoast SEO plugin. -->

Haben Sie Fragen dazu, wie Sie Ihr Leben zu Hause verbessern, Ihre Mobilität erleichtern oder einen Angehörigen im Alltag unt...
